CRAN Package Check Results for Package tsviz

Last updated on 2021-06-20 13:49:17 CEST.

Flavor Version Tinstall Tcheck Ttotal Status Flags
r-devel-linux-x86_64-debian-clang 0.1.0 6.61 69.09 75.70 OK
r-devel-linux-x86_64-debian-gcc 0.1.0 6.18 51.15 57.33 OK
r-devel-linux-x86_64-fedora-clang 0.1.0 97.01 OK
r-devel-linux-x86_64-fedora-gcc 0.1.0 85.31 OK
r-devel-windows-x86_64 0.1.0 14.00 90.00 104.00 OK
r-devel-windows-x86_64-gcc10-UCRT 0.1.0 ERROR
r-patched-linux-x86_64 0.1.0 7.13 64.59 71.72 OK
r-patched-solaris-x86 0.1.0 130.90 OK
r-release-linux-x86_64 0.1.0 7.53 63.43 70.96 OK
r-release-macos-arm64 0.1.0 OK
r-release-macos-x86_64 0.1.0 OK
r-release-windows-ix86+x86_64 0.1.0 18.00 87.00 105.00 OK
r-oldrel-macos-x86_64 0.1.0 OK
r-oldrel-windows-ix86+x86_64 0.1.0 14.00 92.00 106.00 OK

Check Details

Version: 0.1.0
Check: package dependencies
Result: ERROR
    Packages required but not available: 'plotly', 'forecast'
    
    Package suggested but not available for checking: 'lintr'
    
    See section 'The DESCRIPTION file' in the 'Writing R Extensions'
    manual.
Flavor: r-devel-windows-x86_64-gcc10-UCRT