Last updated on 2023-03-23 06:52:39 CET.
Flavor | Version | Tinstall | Tcheck | Ttotal | Status | Flags |
---|---|---|---|---|---|---|
r-devel-linux-x86_64-debian-clang | 0.9.3 | 12.72 | 99.49 | 112.21 | OK | |
r-devel-linux-x86_64-debian-gcc | 0.9.3 | 8.80 | 73.44 | 82.24 | OK | |
r-devel-linux-x86_64-fedora-clang | 0.9.3 | 136.64 | OK | |||
r-devel-linux-x86_64-fedora-gcc | 0.9.3 | 126.59 | OK | |||
r-patched-linux-x86_64 | 0.9.3 | 10.12 | 90.86 | 100.98 | OK | |
r-release-linux-x86_64 | 0.9.3 | 10.61 | 89.59 | 100.20 | OK | |
r-release-macos-arm64 | 0.9.3 | 44.00 | OK | |||
r-release-macos-x86_64 | 0.9.3 | 56.00 | OK | |||
r-release-windows-x86_64 | 0.9.3 | 30.00 | 144.00 | 174.00 | OK | |
r-oldrel-macos-arm64 | 0.9.3 | 39.00 | OK | |||
r-oldrel-macos-x86_64 | 0.9.3 | 53.00 | OK | |||
r-oldrel-windows-ix86+x86_64 | 0.9.3 | 29.00 | 119.00 | 148.00 | NOTE |
Version: 0.9.3
Check: R code for possible problems
Result: NOTE
Initiating curl with CURL_SSL_BACKEND: openssl
Flavor: r-oldrel-windows-ix86+x86_64