CRAN Package Check Results for Package tsibbletalk

Last updated on 2021-06-19 01:50:39 CEST.

Flavor Version Tinstall Tcheck Ttotal Status Flags
r-devel-linux-x86_64-debian-clang 0.1.0 11.78 76.13 87.91 OK
r-devel-linux-x86_64-debian-gcc 0.1.0 8.76 58.90 67.66 OK
r-devel-linux-x86_64-fedora-clang 0.1.0 111.54 NOTE
r-devel-linux-x86_64-fedora-gcc 0.1.0 99.99 NOTE
r-devel-windows-x86_64 0.1.0 18.00 96.00 114.00 OK
r-devel-windows-x86_64-gcc10-UCRT 0.1.0 NOTE
r-patched-linux-x86_64 0.1.0 10.67 72.41 83.08 OK
r-patched-solaris-x86 0.1.0 145.80 NOTE
r-release-linux-x86_64 0.1.0 10.25 71.84 82.09 OK
r-release-macos-arm64 0.1.0 NOTE
r-release-macos-x86_64 0.1.0 NOTE
r-release-windows-ix86+x86_64 0.1.0 25.00 93.00 118.00 OK
r-oldrel-macos-x86_64 0.1.0 NOTE
r-oldrel-windows-ix86+x86_64 0.1.0 19.00 102.00 121.00 OK

Check Details

Version: 0.1.0
Check: dependencies in R code
Result: NOTE
    Namespaces in Imports field not imported from:
     ‘R6’ ‘crosstalk’
     All declared Imports should be used.
Flavors: r-devel-linux-x86_64-fedora-clang, r-devel-linux-x86_64-fedora-gcc, r-devel-windows-x86_64-gcc10-UCRT, r-patched-solaris-x86, r-release-macos-arm64, r-release-macos-x86_64, r-oldrel-macos-x86_64