CRAN Package Check Results for Package tsensembler

Last updated on 2025-06-24 21:52:09 CEST.

Flavor Version Tinstall Tcheck Ttotal Status Flags
r-devel-linux-x86_64-debian-clang 0.1.0 19.82 128.61 148.43 NOTE
r-devel-linux-x86_64-debian-gcc 0.1.0 11.19 93.28 104.47 NOTE
r-devel-linux-x86_64-fedora-clang 0.1.0 231.80 OK
r-devel-linux-x86_64-fedora-gcc 0.1.0 225.82 OK
r-devel-windows-x86_64 0.1.0 18.00 145.00 163.00 OK
r-patched-linux-x86_64 0.1.0 17.19 122.32 139.51 OK
r-release-linux-x86_64 0.1.0 17.84 123.30 141.14 OK
r-release-macos-arm64 0.1.0 106.00 OK
r-release-macos-x86_64 0.1.0 131.00 OK
r-release-windows-x86_64 0.1.0 19.00 145.00 164.00 OK
r-oldrel-macos-arm64 0.1.0 64.00 OK
r-oldrel-macos-x86_64 0.1.0 100.00 OK
r-oldrel-windows-x86_64 0.1.0 25.00 179.00 204.00 OK

Check Details

Version: 0.1.0
Check: CRAN incoming feasibility
Result: NOTE Maintainer: ‘Vitor Cerqueira <cerqueira.vitormanuel@gmail.com>’ Package CITATION file contains call(s) to old-style personList() or as.personList(). Please use c() on person objects instead. Package CITATION file contains call(s) to old-style citEntry(). Please use bibentry() instead. Flavors: r-devel-linux-x86_64-debian-clang, r-devel-linux-x86_64-debian-gcc