CRAN Package Check Results for Package trustOptim

Last updated on 2024-02-25 21:49:49 CET.

Flavor Version Tinstall Tcheck Ttotal Status Flags
r-devel-linux-x86_64-debian-clang 0.8.7.3 48.35 76.19 124.54 NOTE
r-devel-linux-x86_64-debian-gcc 0.8.7.3 38.37 59.99 98.36 NOTE
r-devel-linux-x86_64-fedora-clang 0.8.7.3 162.41 NOTE
r-devel-linux-x86_64-fedora-gcc 0.8.7.3 200.81 NOTE
r-devel-windows-x86_64 0.8.7.3 37.00 95.00 132.00 NOTE
r-patched-linux-x86_64 0.8.7.3 50.17 76.42 126.59 NOTE
r-release-linux-x86_64 0.8.7.3 50.05 76.52 126.57 NOTE
r-release-macos-arm64 0.8.7.3 68.00 NOTE
r-release-macos-x86_64 0.8.7.3 100.00 NOTE
r-release-windows-x86_64 0.8.7.3 49.00 111.00 160.00 NOTE
r-oldrel-macos-arm64 0.8.7.3 51.00 NOTE
r-oldrel-windows-x86_64 0.8.7.3 46.00 110.00 156.00 OK

Check Details

Version: 0.8.7.3
Check: C++ specification
Result: NOTE Specified C++11: please drop specification unless essential Flavors: r-devel-linux-x86_64-debian-clang, r-devel-linux-x86_64-debian-gcc, r-devel-linux-x86_64-fedora-clang, r-devel-linux-x86_64-fedora-gcc, r-devel-windows-x86_64, r-patched-linux-x86_64, r-release-linux-x86_64, r-release-macos-arm64, r-release-macos-x86_64, r-release-windows-x86_64

Version: 0.8.7.3
Check: installed package size
Result: NOTE installed size is 8.9Mb sub-directories of 1Mb or more: libs 8.6Mb Flavors: r-release-macos-arm64, r-release-macos-x86_64, r-oldrel-macos-arm64