CRAN Package Check Results for Package troopdata

Last updated on 2021-09-18 13:53:54 CEST.

Flavor Version Tinstall Tcheck Ttotal Status Flags
r-devel-linux-x86_64-debian-clang 0.1.4 2.56 27.24 29.80 OK
r-devel-linux-x86_64-debian-gcc 0.1.4 2.16 21.05 23.21 OK
r-devel-linux-x86_64-fedora-clang 0.1.4 43.82 NOTE
r-devel-linux-x86_64-fedora-gcc 0.1.4 32.97 NOTE
r-devel-windows-x86_64 0.1.4 4.00 44.00 48.00 OK
r-devel-windows-x86_64-gcc10-UCRT 0.1.4 NOTE
r-patched-linux-x86_64 0.1.4 2.59 25.76 28.35 OK
r-patched-solaris-x86 0.1.4 54.70 NOTE
r-release-linux-x86_64 0.1.4 2.63 25.63 28.26 OK
r-release-macos-arm64 0.1.4 NOTE
r-release-macos-x86_64 0.1.4 NOTE
r-release-windows-ix86+x86_64 0.1.4 6.00 33.00 39.00 OK
r-oldrel-macos-x86_64 0.1.4 NOTE
r-oldrel-windows-ix86+x86_64 0.1.4 7.00 30.00 37.00 OK

Check Details

Version: 0.1.4
Check: dependencies in R code
Result: NOTE
    Namespace in Imports field not imported from: ‘tibble’
     All declared Imports should be used.
Flavors: r-devel-linux-x86_64-fedora-clang, r-devel-linux-x86_64-fedora-gcc, r-devel-windows-x86_64-gcc10-UCRT, r-patched-solaris-x86, r-release-macos-arm64, r-release-macos-x86_64, r-oldrel-macos-x86_64

Version: 0.1.4
Check: data for non-ASCII characters
Result: NOTE
     Note: found 118 marked UTF-8 strings
Flavors: r-devel-linux-x86_64-fedora-clang, r-devel-linux-x86_64-fedora-gcc, r-devel-windows-x86_64-gcc10-UCRT, r-patched-solaris-x86, r-release-macos-arm64, r-release-macos-x86_64, r-oldrel-macos-x86_64