CRAN Package Check Results for Package troopdata

Last updated on 2022-10-04 21:53:55 CEST.

Flavor Version Tinstall Tcheck Ttotal Status Flags
r-devel-linux-x86_64-debian-clang 0.1.5 3.02 32.26 35.28 OK
r-devel-linux-x86_64-debian-gcc 0.1.5 2.23 25.20 27.43 OK
r-devel-linux-x86_64-fedora-clang 0.1.5 55.13 NOTE
r-devel-linux-x86_64-fedora-gcc 0.1.5 52.58 NOTE
r-devel-windows-x86_64 0.1.5 12.00 62.00 74.00 OK
r-patched-linux-x86_64 0.1.5 2.34 30.40 32.74 OK
r-release-linux-x86_64 0.1.5 2.29 29.89 32.18 OK
r-release-macos-arm64 0.1.5 17.00 NOTE
r-release-macos-x86_64 0.1.5 31.00 NOTE
r-release-windows-x86_64 0.1.5 18.00 59.00 77.00 OK
r-oldrel-macos-arm64 0.1.5 20.00 NOTE
r-oldrel-macos-x86_64 0.1.5 23.00 NOTE
r-oldrel-windows-ix86+x86_64 0.1.5 8.00 58.00 66.00 OK

Check Details

Version: 0.1.5
Check: dependencies in R code
Result: NOTE
    Namespace in Imports field not imported from: ‘tibble’
     All declared Imports should be used.
Flavors: r-devel-linux-x86_64-fedora-clang, r-devel-linux-x86_64-fedora-gcc, r-release-macos-arm64, r-release-macos-x86_64, r-oldrel-macos-arm64, r-oldrel-macos-x86_64

Version: 0.1.5
Check: data for non-ASCII characters
Result: NOTE
     Note: found 1 marked UTF-8 string
Flavors: r-devel-linux-x86_64-fedora-clang, r-devel-linux-x86_64-fedora-gcc, r-release-macos-arm64, r-release-macos-x86_64, r-oldrel-macos-arm64, r-oldrel-macos-x86_64