CRAN Package Check Results for Package trinROC

Last updated on 2021-07-31 19:51:49 CEST.

Flavor Version Tinstall Tcheck Ttotal Status Flags
r-devel-linux-x86_64-debian-clang 0.5.1 7.32 100.77 108.09 OK
r-devel-linux-x86_64-debian-gcc 0.5.1 6.20 74.58 80.78 OK
r-devel-linux-x86_64-fedora-clang 0.5.1 133.50 OK
r-devel-linux-x86_64-fedora-gcc 0.5.1 124.45 OK
r-devel-windows-x86_64 0.5.1 10.00 123.00 133.00 OK
r-devel-windows-x86_64-gcc10-UCRT 0.5.1 OK
r-patched-linux-x86_64 0.5.1 OK
r-patched-solaris-x86 0.5.1 175.60 OK
r-release-linux-x86_64 0.5.1 8.67 93.19 101.86 OK
r-release-macos-arm64 0.5.1 WARN
r-release-macos-x86_64 0.5.1 OK
r-release-windows-ix86+x86_64 0.5.1 17.00 103.00 120.00 OK
r-oldrel-macos-x86_64 0.5.1 OK
r-oldrel-windows-ix86+x86_64 0.5.1 30.00 133.00 163.00 OK

Check Details

Version: 0.5.1
Check: re-building of vignette outputs
Result: WARN
    Error(s) in re-building vignettes:
     ...
    --- re-building ‘trinROC_vignette.Rmd’ using rmarkdown
    Warning in engine$weave(file, quiet = quiet, encoding = enc) :
     Pandoc (>= 1.12.3) not available. Falling back to R Markdown v1.
    Quitting from lines 191-230 (trinROC_vignette.Rmd)
    Error: processing vignette 'trinROC_vignette.Rmd' failed with diagnostics:
    polygon edge not found
    --- failed re-building ‘trinROC_vignette.Rmd’
    
    SUMMARY: processing the following file failed:
     ‘trinROC_vignette.Rmd’
    
    Error: Vignette re-building failed.
    Execution halted
Flavor: r-release-macos-arm64