CRAN Package Check Results for Package tricolore

Last updated on 2021-10-18 13:54:15 CEST.

Flavor Version Tinstall Tcheck Ttotal Status Flags
r-devel-linux-x86_64-debian-clang 1.2.2 8.01 83.11 91.12 OK
r-devel-linux-x86_64-debian-gcc 1.2.2 6.16 61.05 67.21 OK
r-devel-linux-x86_64-fedora-clang 1.2.2 117.88 OK
r-devel-linux-x86_64-fedora-gcc 1.2.2 102.77 OK
r-devel-windows-x86_64 1.2.2 14.00 97.00 111.00 OK
r-devel-windows-x86_64-gcc10-UCRT 1.2.2 OK
r-patched-linux-x86_64 1.2.2 8.21 76.69 84.90 OK
r-patched-solaris-x86 1.2.2 144.70 WARN
r-release-linux-x86_64 1.2.2 8.16 78.31 86.47 OK
r-release-macos-arm64 1.2.2 OK
r-release-macos-x86_64 1.2.2 WARN
r-release-windows-ix86+x86_64 1.2.2 19.00 111.00 130.00 OK
r-oldrel-macos-x86_64 1.2.2 WARN
r-oldrel-windows-ix86+x86_64 1.2.2 20.00 110.00 130.00 OK

Check Details

Version: 1.2.2
Check: re-building of vignette outputs
Result: WARN
    Error(s) in re-building vignettes:
     ...
    --- re-building ‘choropleth_maps_with_tricolore.Rmd’ using rmarkdown
    Pandoc is required to build R Markdown vignettes but not available. Please make sure it is installed.
    Quitting from lines 128-137 (choropleth_maps_with_tricolore.Rmd)
    Error: processing vignette 'choropleth_maps_with_tricolore.Rmd' failed with diagnostics:
    there is no package called 'webshot'
    --- failed re-building ‘choropleth_maps_with_tricolore.Rmd’
    
    SUMMARY: processing the following file failed:
     ‘choropleth_maps_with_tricolore.Rmd’
    
    Error: Vignette re-building failed.
    Execution halted
Flavor: r-patched-solaris-x86

Version: 1.2.2
Check: re-building of vignette outputs
Result: WARN
    Error(s) in re-building vignettes:
     ...
    --- re-building ‘choropleth_maps_with_tricolore.Rmd’ using rmarkdown
    Warning in engine$weave(file, quiet = quiet, encoding = enc) :
     Pandoc (>= 1.12.3) not available. Falling back to R Markdown v1.
    Quitting from lines 128-137 (choropleth_maps_with_tricolore.Rmd)
    Error: processing vignette 'choropleth_maps_with_tricolore.Rmd' failed with diagnostics:
    invalid 'path' argument
    --- failed re-building ‘choropleth_maps_with_tricolore.Rmd’
    
    SUMMARY: processing the following file failed:
     ‘choropleth_maps_with_tricolore.Rmd’
    
    Error: Vignette re-building failed.
    Execution halted
Flavor: r-release-macos-x86_64

Version: 1.2.2
Check: re-building of vignette outputs
Result: WARN
    Error(s) in re-building vignettes:
     ...
    --- re-building ‘choropleth_maps_with_tricolore.Rmd’ using rmarkdown
    Warning in engine$weave(file, quiet = quiet, encoding = enc) :
     Pandoc (>= 1.12.3) and/or pandoc-citeproc not available. Falling back to R Markdown v1.
    Quitting from lines 128-137 (choropleth_maps_with_tricolore.Rmd)
    Error: processing vignette 'choropleth_maps_with_tricolore.Rmd' failed with diagnostics:
    cannot open the connection
    --- failed re-building ‘choropleth_maps_with_tricolore.Rmd’
    
    SUMMARY: processing the following file failed:
     ‘choropleth_maps_with_tricolore.Rmd’
    
    Error: Vignette re-building failed.
    Execution halted
Flavor: r-oldrel-macos-x86_64