CRAN Package Check Results for Package transmdl

Last updated on 2024-02-24 18:55:06 CET.

Flavor Version Tinstall Tcheck Ttotal Status Flags
r-devel-linux-x86_64-debian-clang 0.1.0 55.61 39.19 94.80 OK
r-devel-linux-x86_64-debian-gcc 0.1.0 41.77 30.32 72.09 OK
r-devel-linux-x86_64-fedora-clang 0.1.0 133.71 OK
r-devel-linux-x86_64-fedora-gcc 0.1.0 131.34 OK
r-devel-windows-x86_64 0.1.0 43.00 65.00 108.00 OK
r-patched-linux-x86_64 0.1.0 56.34 39.59 95.93 OK
r-release-linux-x86_64 0.1.0 48.24 39.48 87.72 OK
r-release-macos-arm64 0.1.0 39.00 NOTE
r-release-macos-x86_64 0.1.0 57.00 NOTE
r-release-windows-x86_64 0.1.0 55.00 81.00 136.00 OK
r-oldrel-macos-arm64 0.1.0 36.00 NOTE
r-oldrel-windows-x86_64 0.1.0 53.00 81.00 134.00 OK

Check Details

Version: 0.1.0
Check: installed package size
Result: NOTE installed size is 8.4Mb sub-directories of 1Mb or more: libs 8.2Mb Flavors: r-release-macos-arm64, r-release-macos-x86_64, r-oldrel-macos-arm64