CRAN Package Check Results for Package translateR

Last updated on 2021-08-02 22:54:53 CEST.

Flavor Version Tinstall Tcheck Ttotal Status Flags
r-devel-linux-x86_64-debian-clang 1.0 2.84 31.54 34.38 NOTE
r-devel-linux-x86_64-debian-gcc 1.0 2.22 24.85 27.07 NOTE
r-devel-linux-x86_64-fedora-clang 1.0 51.64 NOTE
r-devel-linux-x86_64-fedora-gcc 1.0 40.05 NOTE
r-devel-windows-x86_64 1.0 4.00 51.00 55.00 NOTE
r-devel-windows-x86_64-gcc10-UCRT 1.0 NOTE
r-patched-linux-x86_64 1.0 NOTE
r-patched-solaris-x86 1.0 65.00 NOTE
r-release-linux-x86_64 1.0 3.07 30.46 33.53 NOTE
r-release-macos-arm64 1.0 NOTE
r-release-macos-x86_64 1.0 NOTE
r-release-windows-ix86+x86_64 1.0 6.00 34.00 40.00 NOTE
r-oldrel-macos-x86_64 1.0 NOTE
r-oldrel-windows-ix86+x86_64 1.0 5.00 50.00 55.00 NOTE

Check Details

Version: 1.0
Check: R code for possible problems
Result: NOTE
    microsoftTranslate: no visible global function definition for
     'URLencode'
    Undefined global functions or variables:
     URLencode
    Consider adding
     importFrom("utils", "URLencode")
    to your NAMESPACE file.
Flavors: r-devel-linux-x86_64-debian-clang, r-devel-linux-x86_64-debian-gcc, r-devel-linux-x86_64-fedora-clang, r-devel-linux-x86_64-fedora-gcc, r-devel-windows-x86_64, r-devel-windows-x86_64-gcc10-UCRT, r-patched-linux-x86_64, r-patched-solaris-x86, r-release-linux-x86_64, r-release-macos-arm64, r-release-macos-x86_64, r-release-windows-ix86+x86_64, r-oldrel-macos-x86_64, r-oldrel-windows-ix86+x86_64