CRAN Package Check Results for Package translate

Last updated on 2021-08-01 07:52:09 CEST.

Flavor Version Tinstall Tcheck Ttotal Status Flags
r-devel-linux-x86_64-debian-clang 0.1.2 2.21 34.29 36.50 NOTE
r-devel-linux-x86_64-debian-gcc 0.1.2 2.20 27.16 29.36 NOTE
r-devel-linux-x86_64-fedora-clang 0.1.2 53.87 NOTE
r-devel-linux-x86_64-fedora-gcc 0.1.2 43.33 NOTE
r-devel-windows-x86_64 0.1.2 4.00 57.00 61.00 NOTE
r-devel-windows-x86_64-gcc10-UCRT 0.1.2 NOTE
r-patched-linux-x86_64 0.1.2 NOTE
r-patched-solaris-x86 0.1.2 69.80 NOTE
r-release-linux-x86_64 0.1.2 2.45 33.10 35.55 NOTE
r-release-macos-arm64 0.1.2 NOTE
r-release-macos-x86_64 0.1.2 NOTE
r-release-windows-ix86+x86_64 0.1.2 5.00 48.00 53.00 NOTE
r-oldrel-macos-x86_64 0.1.2 NOTE
r-oldrel-windows-ix86+x86_64 0.1.2 5.00 39.00 44.00 NOTE

Check Details

Version: 0.1.2
Check: DESCRIPTION meta-information
Result: NOTE
    Malformed Description field: should contain one or more complete sentences.
Flavors: r-devel-linux-x86_64-debian-clang, r-devel-linux-x86_64-debian-gcc, r-devel-linux-x86_64-fedora-clang, r-devel-linux-x86_64-fedora-gcc, r-devel-windows-x86_64, r-devel-windows-x86_64-gcc10-UCRT, r-patched-linux-x86_64, r-patched-solaris-x86, r-release-linux-x86_64, r-release-macos-arm64, r-release-macos-x86_64, r-release-windows-ix86+x86_64, r-oldrel-macos-x86_64, r-oldrel-windows-ix86+x86_64