CRAN Package Check Results for Package transformr

Last updated on 2021-07-31 19:51:48 CEST.

Flavor Version Tinstall Tcheck Ttotal Status Flags
r-devel-linux-x86_64-debian-clang 0.1.3 42.07 58.00 100.07 NOTE
r-devel-linux-x86_64-debian-gcc 0.1.3 25.92 44.61 70.53 NOTE
r-devel-linux-x86_64-fedora-clang 0.1.3 139.44 NOTE
r-devel-linux-x86_64-fedora-gcc 0.1.3 121.45 NOTE
r-devel-windows-x86_64 0.1.3 37.00 88.00 125.00 NOTE
r-devel-windows-x86_64-gcc10-UCRT 0.1.3 NOTE
r-patched-linux-x86_64 0.1.3 NOTE
r-patched-solaris-x86 0.1.3 153.10 NOTE
r-release-linux-x86_64 0.1.3 30.71 55.87 86.58 NOTE
r-release-macos-arm64 0.1.3 NOTE
r-release-macos-x86_64 0.1.3 NOTE
r-release-windows-ix86+x86_64 0.1.3 93.00 84.00 177.00 NOTE
r-oldrel-macos-x86_64 0.1.3 OK
r-oldrel-windows-ix86+x86_64 0.1.3 69.00 117.00 186.00 OK

Check Details

Version: 0.1.3
Check: LazyData
Result: NOTE
     'LazyData' is specified without a 'data' directory
Flavors: r-devel-linux-x86_64-debian-clang, r-devel-linux-x86_64-debian-gcc, r-devel-linux-x86_64-fedora-clang, r-devel-linux-x86_64-fedora-gcc, r-devel-windows-x86_64, r-devel-windows-x86_64-gcc10-UCRT, r-patched-linux-x86_64, r-patched-solaris-x86, r-release-linux-x86_64, r-release-macos-arm64, r-release-macos-x86_64, r-release-windows-ix86+x86_64