CRAN Package Check Results for Package tranSurv

Last updated on 2023-03-21 19:04:17 CET.

Flavor Version Tinstall Tcheck Ttotal Status Flags
r-devel-linux-x86_64-debian-clang 1.2.2 9.24 93.86 103.10 NOTE
r-devel-linux-x86_64-debian-gcc 1.2.2 10.49 72.48 82.97 NOTE
r-devel-linux-x86_64-fedora-clang 1.2.2 131.84 NOTE
r-devel-linux-x86_64-fedora-gcc 1.2.2 129.00 NOTE
r-patched-linux-x86_64 1.2.2 11.73 88.43 100.16 NOTE
r-release-linux-x86_64 1.2.2 11.21 89.58 100.79 NOTE
r-release-macos-arm64 1.2.2 37.00 NOTE
r-release-macos-x86_64 1.2.2 54.00 NOTE
r-release-windows-x86_64 1.2.2 25.00 118.00 143.00 NOTE
r-oldrel-macos-arm64 1.2.2 47.00 NOTE
r-oldrel-macos-x86_64 1.2.2 74.00 NOTE
r-oldrel-windows-ix86+x86_64 1.2.2 28.00 155.00 183.00 NOTE

Check Details

Version: 1.2.2
Check: LazyData
Result: NOTE
     'LazyData' is specified without a 'data' directory
Flavors: r-devel-linux-x86_64-debian-clang, r-devel-linux-x86_64-debian-gcc, r-devel-linux-x86_64-fedora-clang, r-devel-linux-x86_64-fedora-gcc, r-patched-linux-x86_64, r-release-linux-x86_64, r-release-macos-arm64, r-release-macos-x86_64, r-release-windows-x86_64, r-oldrel-macos-arm64, r-oldrel-macos-x86_64, r-oldrel-windows-ix86+x86_64