CRAN Package Check Results for Package trajeR

Last updated on 2022-09-27 19:12:13 CEST.

Flavor Version Tinstall Tcheck Ttotal Status Flags
r-devel-linux-x86_64-debian-clang 0.9.0.5 349.35 78.78 428.13 OK
r-devel-linux-x86_64-debian-gcc 0.9.0.5 243.64 57.04 300.68 OK
r-devel-linux-x86_64-fedora-clang 0.9.0.5 601.72 OK
r-devel-linux-x86_64-fedora-gcc 0.9.0.5 513.13 OK
r-devel-windows-x86_64 0.9.0.5 192.00 128.00 320.00 OK
r-patched-linux-x86_64 0.9.0.5 248.44 72.54 320.98 OK
r-release-linux-x86_64 0.9.0.5 244.11 71.65 315.76 OK
r-release-macos-arm64 0.9.0.5 104.00 NOTE
r-release-macos-x86_64 0.9.0.5 151.00 NOTE
r-release-windows-x86_64 0.9.0.5 198.00 127.00 325.00 OK
r-oldrel-macos-arm64 0.9.0.5 103.00 NOTE
r-oldrel-macos-x86_64 0.9.0.5 148.00 NOTE
r-oldrel-windows-ix86+x86_64 0.9.0.5 605.00 150.00 755.00 NOTE

Check Details

Version: 0.9.0.5
Check: installed package size
Result: NOTE
     installed size is 17.8Mb
     sub-directories of 1Mb or more:
     libs 17.1Mb
Flavors: r-release-macos-arm64, r-release-macos-x86_64, r-oldrel-macos-arm64, r-oldrel-macos-x86_64, r-oldrel-windows-ix86+x86_64