CRAN Package Check Results for Package tradestatistics

Last updated on 2024-04-18 12:53:05 CEST.

Flavor Version Tinstall Tcheck Ttotal Status Flags
r-devel-linux-x86_64-debian-clang 4.5.0 3.54 50.21 53.75 NOTE
r-devel-linux-x86_64-debian-gcc 4.5.0 3.03 37.35 40.38 NOTE
r-devel-linux-x86_64-fedora-clang 4.5.0 71.56 NOTE
r-devel-linux-x86_64-fedora-gcc 4.5.0 78.91 NOTE
r-prerel-macos-arm64 4.5.0 28.00 NOTE
r-prerel-windows-x86_64 4.5.0 6.00 65.00 71.00 NOTE
r-patched-linux-x86_64 4.5.0 4.22 47.08 51.30 NOTE
r-release-linux-x86_64 4.5.0 4.95 46.49 51.44 OK
r-release-macos-arm64 4.5.0 30.00 OK
r-release-macos-x86_64 4.5.0 74.00 OK
r-release-windows-x86_64 4.5.0 7.00 66.00 73.00 OK
r-oldrel-macos-arm64 4.5.0 26.00 OK
r-oldrel-windows-x86_64 4.5.0 7.00 66.00 73.00 OK

Check Details

Version: 4.5.0
Check: Rd files
Result: NOTE checkRd: (-1) ots_commodities.Rd:10: Lost braces in \itemize; meant \describe ? checkRd: (-1) ots_commodities.Rd:11: Lost braces in \itemize; meant \describe ? checkRd: (-1) ots_commodities.Rd:12: Lost braces in \itemize; meant \describe ? checkRd: (-1) ots_commodities.Rd:13: Lost braces in \itemize; meant \describe ? checkRd: (-1) ots_commodities_short.Rd:10: Lost braces in \itemize; meant \describe ? checkRd: (-1) ots_commodities_short.Rd:11: Lost braces in \itemize; meant \describe ? checkRd: (-1) ots_commodities_short.Rd:12: Lost braces in \itemize; meant \describe ? checkRd: (-1) ots_commodities_short.Rd:13: Lost braces in \itemize; meant \describe ? checkRd: (-1) ots_countries.Rd:10: Lost braces in \itemize; meant \describe ? checkRd: (-1) ots_countries.Rd:11: Lost braces in \itemize; meant \describe ? checkRd: (-1) ots_countries.Rd:12: Lost braces in \itemize; meant \describe ? checkRd: (-1) ots_countries.Rd:13: Lost braces in \itemize; meant \describe ? checkRd: (-1) ots_countries.Rd:14: Lost braces in \itemize; meant \describe ? checkRd: (-1) ots_countries_colors.Rd:10: Lost braces in \itemize; meant \describe ? checkRd: (-1) ots_countries_colors.Rd:11: Lost braces in \itemize; meant \describe ? checkRd: (-1) ots_countries_colors.Rd:12: Lost braces in \itemize; meant \describe ? checkRd: (-1) ots_distances.Rd:10: Lost braces in \itemize; meant \describe ? checkRd: (-1) ots_distances.Rd:11: Lost braces in \itemize; meant \describe ? checkRd: (-1) ots_distances.Rd:12: Lost braces in \itemize; meant \describe ? checkRd: (-1) ots_distances.Rd:13: Lost braces in \itemize; meant \describe ? checkRd: (-1) ots_distances.Rd:14: Lost braces in \itemize; meant \describe ? checkRd: (-1) ots_distances.Rd:15: Lost braces in \itemize; meant \describe ? checkRd: (-1) ots_distances.Rd:16: Lost braces in \itemize; meant \describe ? checkRd: (-1) ots_distances.Rd:17: Lost braces in \itemize; meant \describe ? checkRd: (-1) ots_gdp_deflator.Rd:10: Lost braces in \itemize; meant \describe ? checkRd: (-1) ots_gdp_deflator.Rd:11: Lost braces in \itemize; meant \describe ? checkRd: (-1) ots_gdp_deflator.Rd:12: Lost braces in \itemize; meant \describe ? checkRd: (-1) ots_gdp_deflator.Rd:13: Lost braces in \itemize; meant \describe ? checkRd: (-1) ots_sections.Rd:10: Lost braces in \itemize; meant \describe ? checkRd: (-1) ots_sections.Rd:11: Lost braces in \itemize; meant \describe ? checkRd: (-1) ots_sections_colors.Rd:10: Lost braces in \itemize; meant \describe ? checkRd: (-1) ots_sections_colors.Rd:11: Lost braces in \itemize; meant \describe ? checkRd: (-1) ots_tables.Rd:10: Lost braces in \itemize; meant \describe ? checkRd: (-1) ots_tables.Rd:11: Lost braces in \itemize; meant \describe ? checkRd: (-1) ots_tables.Rd:12: Lost braces in \itemize; meant \describe ? Flavors: r-devel-linux-x86_64-debian-clang, r-devel-linux-x86_64-debian-gcc, r-devel-linux-x86_64-fedora-clang, r-devel-linux-x86_64-fedora-gcc, r-prerel-macos-arm64, r-prerel-windows-x86_64, r-patched-linux-x86_64