CRAN Package Check Results for Package track2KBA

Last updated on 2022-09-30 21:49:12 CEST.

Flavor Version Tinstall Tcheck Ttotal Status Flags
r-devel-linux-x86_64-debian-clang 1.0.2 43.50 410.41 453.91 ERROR
r-devel-linux-x86_64-debian-gcc 1.0.2 32.11 299.70 331.81 ERROR
r-devel-linux-x86_64-fedora-clang 1.0.2 462.70 ERROR
r-devel-linux-x86_64-fedora-gcc 1.0.2 571.20 ERROR
r-devel-windows-x86_64 1.0.2 62.00 431.00 493.00 ERROR
r-patched-linux-x86_64 1.0.2 46.23 404.89 451.12 OK
r-release-linux-x86_64 1.0.2 28.06 399.21 427.27 OK
r-release-macos-arm64 1.0.2 140.00 OK
r-release-macos-x86_64 1.0.2 180.00 OK
r-release-windows-x86_64 1.0.2 53.00 465.00 518.00 OK
r-oldrel-macos-arm64 1.0.2 124.00 OK
r-oldrel-macos-x86_64 1.0.2 183.00 OK
r-oldrel-windows-ix86+x86_64 1.0.2 97.00 457.00 554.00 OK

Additional issues

noSuggests

Check Details

Version: 1.0.2
Check: tests
Result: ERROR
     Running 'tinytest.R' [39s/44s]
    Running the tests in 'tests/tinytest.R' failed.
    Complete output:
     > if ( requireNamespace("tinytest", quietly=TRUE) ){
     + tinytest::test_package("track2KBA")
     + }
    
     test_estSpaceUse.R............ 0 tests
     Attaching package: 'lubridate'
    
     The following objects are masked from 'package:base':
    
     date, intersect, setdiff, union
    
    
     test_estSpaceUse.R............ 0 tests
     test_estSpaceUse.R............ 0 tests
     test_estSpaceUse.R............ 1 tests <1b>[0;32mOK<1b>[0m NOTE: projection is data specific
    
     test_estSpaceUse.R............ 1 tests <1b>[0;32mOK<1b>[0m
     test_estSpaceUse.R............ 2 tests <1b>[0;32mOK<1b>[0m
     test_estSpaceUse.R............ 3 tests <1b>[0;32mOK<1b>[0m
     test_estSpaceUse.R............ 4 tests <1b>[0;32mOK<1b>[0m
     test_estSpaceUse.R............ 5 tests <1b>[0;32mOK<1b>[0m
     test_estSpaceUse.R............ 6 tests <1b>[0;32mOK<1b>[0m
     test_estSpaceUse.R............ 7 tests <1b>[0;32mOK<1b>[0m
     test_estSpaceUse.R............ 8 tests <1b>[0;32mOK<1b>[0m
     test_estSpaceUse.R............ 8 tests <1b>[0;32mOK<1b>[0m NOTE: projection is data specific
    
     test_estSpaceUse.R............ 8 tests <1b>[0;32mOK<1b>[0m
     test_estSpaceUse.R............ 9 tests <1b>[0;32mOK<1b>[0m
     test_estSpaceUse.R............ 9 tests <1b>[0;32mOK<1b>[0m
     test_estSpaceUse.R............ 9 tests <1b>[0;32mOK<1b>[0m
     test_estSpaceUse.R............ 9 tests <1b>[0;32mOK<1b>[0m NOTE: projection is data specific
    
     test_estSpaceUse.R............ 9 tests <1b>[0;32mOK<1b>[0m
     test_estSpaceUse.R............ 10 tests <1b>[0;32mOK<1b>[0m
     test_estSpaceUse.R............ 10 tests <1b>[0;32mOK<1b>[0m NOTE: projection is data specific
    
     test_estSpaceUse.R............ 10 tests <1b>[0;32mOK<1b>[0m
     test_estSpaceUse.R............ 11 tests <1b>[0;32mOK<1b>[0m <1b>[0;34m3.2s<1b>[0m
    
     test_findScale.R.............. 0 tests
     test_findScale.R.............. 0 tests
     test_findScale.R.............. 0 tests
     Attaching package: 'dplyr'
    
     The following objects are masked from 'package:stats':
    
     filter, lag
    
     The following objects are masked from 'package:base':
    
     intersect, setdiff, setequal, union
    
    
     test_findScale.R.............. 0 tests
     test_findScale.R.............. 0 tests
     test_findScale.R.............. 1 tests <1b>[0;32mOK<1b>[0m
     test_findScale.R.............. 1 tests <1b>[0;32mOK<1b>[0m track A01 starts out on trip
    
     test_findScale.R.............. 1 tests <1b>[0;32mOK<1b>[0m
     test_findScale.R.............. 1 tests <1b>[0;32mOK<1b>[0m
     test_findScale.R.............. 1 tests <1b>[0;32mOK<1b>[0m NOTE: projection is data specific
    
     test_findScale.R.............. 1 tests <1b>[0;32mOK<1b>[0m
     test_findScale.R.............. 2 tests <1b>[0;32mOK<1b>[0m
     test_findScale.R.............. 3 tests <1b>[0;32mOK<1b>[0m As no 'sumTrips' was supplied, the foraging range and mag, cannot be
     calculated.
     No 'res' was specified. Movement scale in the data was compared
     to a 500-cell grid with cell size of 0.011 km squared.
    
     test_findScale.R.............. 4 tests <1b>[0;32mOK<1b>[0m As no 'sumTrips' was supplied, the foraging range and mag, cannot be
     calculated.
     No 'res' was specified. Movement scale in the data was compared
     to a 500-cell grid with cell size of 0.011 km squared.
    
     test_findScale.R.............. 5 tests <1b>[0;32mOK<1b>[0m No 'res' was specified. Movement scale in the data was compared
     to a 500-cell grid with cell size of 0.011 km squared.
    
     test_findScale.R.............. 6 tests <1b>[0;32mOK<1b>[0m No 'res' was specified. Movement scale in the data was compared
     to a 500-cell grid with cell size of 0.011 km squared.
    
     test_findScale.R.............. 7 tests <1b>[0;32mOK<1b>[0m
     test_findScale.R.............. 7 tests <1b>[0;32mOK<1b>[0m
     test_findScale.R.............. 7 tests <1b>[0;32mOK<1b>[0m No 'res' was specified. Movement scale in the data was compared
     to a 500-cell grid with cell size of 0.011 km squared.
     No 'res' was specified. Movement scale in the data was compared
     to a 500-cell grid with cell size of 0.011 km squared.
    
     test_findScale.R.............. 8 tests <1b>[0;32mOK<1b>[0m
     test_findScale.R.............. 9 tests <1b>[0;32mOK<1b>[0m As no 'sumTrips' was supplied, the foraging range and mag, cannot be
     calculated.
     No 'res' was specified. Movement scale in the data was compared
     to a 500-cell grid with cell size of 0.011 km squared.
    
     test_findScale.R.............. 10 tests <1b>[0;32mOK<1b>[0m As no 'sumTrips' was supplied, the foraging range and mag, cannot be
     calculated.
     No 'res' was specified. Movement scale in the data was compared
     to a 500-cell grid with cell size of 0.011 km squared.
    
     test_findScale.R.............. 11 tests <1b>[0;32mOK<1b>[0m
     test_findScale.R.............. 11 tests <1b>[0;32mOK<1b>[0m No 'res' was specified. Movement scale in the data was compared
     to a 500-cell grid with cell size of 0.011 km squared.
    
     test_findScale.R.............. 12 tests <1b>[0;32mOK<1b>[0m
     test_findScale.R.............. 12 tests <1b>[0;32mOK<1b>[0m No 'res' was specified. Movement scale in the data was compared
     to a 500-cell grid with cell size of 0.011 km squared.
    
     test_findScale.R.............. 13 tests <1b>[0;32mOK<1b>[0m
     test_findScale.R.............. 13 tests <1b>[0;32mOK<1b>[0m
     test_findScale.R.............. 13 tests <1b>[0;32mOK<1b>[0m
     test_findScale.R.............. 14 tests <1b>[0;32mOK<1b>[0m
     test_findScale.R.............. 14 tests <1b>[0;32mOK<1b>[0m As no 'sumTrips' was supplied, the foraging range and mag, cannot be
     calculated.
     No 'res' was specified. Movement scale in the data was compared
     to a 500-cell grid with cell size of 0.011 km squared.
     As no 'sumTrips' was supplied, the foraging range and mag, cannot be
     calculated.
     No 'res' was specified. Movement scale in the data was compared
     to a 500-cell grid with cell size of 0.011 km squared.
    
     test_findScale.R.............. 15 tests <1b>[0;32mOK<1b>[0m
     test_findScale.R.............. 15 tests <1b>[0;32mOK<1b>[0m track A01 starts out on trip
    
     test_findScale.R.............. 15 tests <1b>[0;32mOK<1b>[0m
     test_findScale.R.............. 15 tests <1b>[0;32mOK<1b>[0m NOTE: projection is data specific
    
     test_findScale.R.............. 15 tests <1b>[0;32mOK<1b>[0m No 'res' was specified. Movement scale in the data was compared
     to a 500-cell grid with cell size of 0.245 km squared.
     The average step length in your data is greater than 20km. Data at
     this resolution are likely inappropriate for identifying
     Area-Restricted Search behavior. Consider using another scale parameter
     (e.g. href).
    
     test_findScale.R.............. 16 tests <1b>[0;32mOK<1b>[0m <1b>[0;34m2.1s<1b>[0m
    
     test_findSite.R............... 0 tests
     test_findSite.R............... 0 tests NOTE: projection is data specific
    
     test_findSite.R............... 0 tests
     test_findSite.R............... 0 tests
     test_findSite.R............... 1 tests <1b>[0;32mOK<1b>[0m
     test_findSite.R............... 2 tests <1b>[0;32mOK<1b>[0m
     test_findSite.R............... 3 tests <1b>[0;32mOK<1b>[0m
     test_findSite.R............... 4 tests <1b>[0;32mOK<1b>[0m
     test_findSite.R............... 5 tests <1b>[0;32mOK<1b>[0m
     test_findSite.R............... 6 tests <1b>[0;32mOK<1b>[0m
     test_findSite.R............... 7 tests <1b>[0;32mOK<1b>[0m
     test_findSite.R............... 8 tests <1b>[0;32mOK<1b>[0m
     test_findSite.R............... 9 tests <1b>[0;32mOK<1b>[0m <1b>[0;34m2.2s<1b>[0m
    
     test_formatFields.R........... 0 tests
     test_formatFields.R........... 0 tests
     test_formatFields.R........... 0 tests
     test_formatFields.R........... 1 tests <1b>[0;32mOK<1b>[0m
     test_formatFields.R........... 2 tests <1b>[0;32mOK<1b>[0m
     test_formatFields.R........... 3 tests <1b>[0;32mOK<1b>[0m
     test_formatFields.R........... 4 tests <1b>[0;32mOK<1b>[0m
     test_formatFields.R........... 5 tests <1b>[0;32mOK<1b>[0m
     test_formatFields.R........... 6 tests <1b>[0;32mOK<1b>[0m Column supplied to 'fieldDateTime' is not of class POSIXct, the function
     will attempt to convert it.
    
     test_formatFields.R........... 7 tests <1b>[0;32mOK<1b>[0m Column supplied to 'fieldDateTime' is not of class POSIXct, the function
     will attempt to convert it.
    
     test_formatFields.R........... 8 tests <1b>[0;32mOK<1b>[0m
     test_formatFields.R........... 8 tests <1b>[0;32mOK<1b>[0m No fieldID specified, so the pre-existing column named 'ID' used.
     If another field desired as IDentifier, specify in fieldID argument.
     Column supplied to 'fieldDateTime' is not of class POSIXct, the function
     will attempt to convert it.
    
     test_formatFields.R........... 9 tests <1b>[0;32mOK<1b>[0m
     test_formatFields.R........... 9 tests <1b>[0;32mOK<1b>[0m
     test_formatFields.R........... 10 tests <1b>[0;32mOK<1b>[0m
     test_formatFields.R........... 11 tests <1b>[0;32mOK<1b>[0m
     test_formatFields.R........... 12 tests <1b>[0;32mOK<1b>[0m
     test_formatFields.R........... 13 tests <1b>[0;32mOK<1b>[0m
     test_formatFields.R........... 14 tests <1b>[0;32mOK<1b>[0m
     test_formatFields.R........... 15 tests <1b>[0;32mOK<1b>[0m
     test_formatFields.R........... 15 tests <1b>[0;32mOK<1b>[0m NOTE: as fieldID != 'ID' and a column of this name is present,
     this column has been renamed to 'origID' and ID corresponds to the
     fieldID specified.
    
     test_formatFields.R........... 16 tests <1b>[0;32mOK<1b>[0m NOTE: as fieldID != 'ID' and a column of this name is present,
     this column has been renamed to 'origID' and ID corresponds to the
     fieldID specified.
    
     test_formatFields.R........... 17 tests <1b>[0;32mOK<1b>[0m
     test_formatFields.R........... 17 tests <1b>[0;32mOK<1b>[0m
     test_formatFields.R........... 17 tests <1b>[0;32mOK<1b>[0m
     test_formatFields.R........... 17 tests <1b>[0;32mOK<1b>[0m No format supplied for Date and Time fields, a default format ('ymd_HMS')
     attempted when combining the fields. If error produced, see help page
     ('?lubridate::parse_date_time') for information on date formats.
    
     test_formatFields.R........... 18 tests <1b>[0;31m1 fails<1b>[0m
     test_formatFields.R........... 19 tests <1b>[0;31m2 fails<1b>[0m Only a Date column (fieldDate) supplied, this will be used to create the
     DateTime column. If you have a Time column, indicate it in the 'fieldTime'
     argument.
     No format supplied for the Date field, default ('ymd') attempted.
     If warning that 'no formats are found' produced, see help page
     ('?lubridate::parse_date_time') for information on Date formats.
    
     test_formatFields.R........... 20 tests <1b>[0;31m2 fails<1b>[0m Only a Date column (fieldDate) supplied, this will be used to create the
     DateTime column. If you have a Time column, indicate it in the 'fieldTime'
     argument.
    
     test_formatFields.R........... 21 tests <1b>[0;31m2 fails<1b>[0m
     test_formatFields.R........... 21 tests <1b>[0;31m2 fails<1b>[0m NOTE: as fieldID != 'ID' and a column of this name is present,
     this column has been renamed to 'origID' and ID corresponds to the
     fieldID specified.
    
     test_formatFields.R........... 22 tests <1b>[0;31m2 fails<1b>[0m <1b>[0;34m0.3s<1b>[0m
    
     test_indEffectTest.R.......... 0 tests
     test_indEffectTest.R.......... 0 tests
     test_indEffectTest.R.......... 0 tests
     test_indEffectTest.R.......... 0 tests WARNING:dataset may contain duplicated data, this will affect trip-splitting
     track A01 starts out on trip
    
     test_indEffectTest.R.......... 0 tests NOTE: projection is data specific
    
     test_indEffectTest.R.......... 0 tests
     test_indEffectTest.R.......... 1 tests <1b>[0;32mOK<1b>[0m <1b>[0;34m4.0s<1b>[0m
    
     test_mapKDE.R................. 0 tests
     test_mapKDE.R................. 0 tests
     test_mapKDE.R................. 0 tests
     test_mapKDE.R................. 0 tests NOTE: projection is data specific
    
     test_mapKDE.R................. 0 tests No grid resolution ('res') was specified, or the specified resolution was
     >99 km and therefore ignored. Space use was calculated on a 500-cell grid,
     with cells of 0.411 square km
    
     test_mapKDE.R................. 0 tests
     test_mapKDE.R................. 1 tests <1b>[0;32mOK<1b>[0m No grid resolution ('res') was specified, or the specified resolution was
     >99 km and therefore ignored. Space use was calculated on a 500-cell grid,
     with cells of 0.411 square km
    
     test_mapKDE.R................. 1 tests <1b>[0;32mOK<1b>[0m
     test_mapKDE.R................. 2 tests <1b>[0;32mOK<1b>[0m
     test_mapKDE.R................. 3 tests <1b>[0;32mOK<1b>[0m
     test_mapKDE.R................. 4 tests <1b>[0;32mOK<1b>[0m
     test_mapKDE.R................. 5 tests <1b>[0;32mOK<1b>[0m <1b>[0;34m7.1s<1b>[0m
    
     test_mapSite.R................ 0 tests
     test_mapSite.R................ 0 tests
     test_mapSite.R................ 0 tests NOTE: projection is data specific
    
     test_mapSite.R................ 0 tests
     test_mapSite.R................ 0 tests
     test_mapSite.R................ 0 tests
     test_mapSite.R................ 1 tests <1b>[0;32mOK<1b>[0m
     test_mapSite.R................ 2 tests <1b>[0;32mOK<1b>[0m
     test_mapSite.R................ 3 tests <1b>[0;32mOK<1b>[0m
     test_mapSite.R................ 4 tests <1b>[0;32mOK<1b>[0m
     test_mapSite.R................ 4 tests <1b>[0;32mOK<1b>[0m
     test_mapSite.R................ 5 tests <1b>[0;32mOK<1b>[0m
     test_mapSite.R................ 6 tests <1b>[0;32mOK<1b>[0m
     test_mapSite.R................ 7 tests <1b>[0;32mOK<1b>[0m No value for population size provided. Output for N_animals is in % of pop
     size
    
     test_mapSite.R................ 7 tests <1b>[0;32mOK<1b>[0m
     test_mapSite.R................ 8 tests <1b>[0;32mOK<1b>[0m <1b>[0;34m6.2s<1b>[0m
    
     test_mapTrips.R............... 0 tests
     test_mapTrips.R............... 0 tests
     test_mapTrips.R............... 0 tests No duration specified, trips splitting will be done using only innerBuff and
     returnBuff.
     track A01 starts out on trip
     track B01 starts out on trip
    
     test_mapTrips.R............... 0 tests
     test_mapTrips.R............... 1 tests <1b>[0;32mOK<1b>[0m
     test_mapTrips.R............... 2 tests <1b>[0;32mOK<1b>[0m
     test_mapTrips.R............... 3 tests <1b>[0;32mOK<1b>[0m
     test_mapTrips.R............... 4 tests <1b>[0;32mOK<1b>[0m Trips colored by completeness. Indicate colorBy=='trip' to color by
     trips.
    
     test_mapTrips.R............... 5 tests <1b>[0;32mOK<1b>[0m
     test_mapTrips.R............... 5 tests <1b>[0;32mOK<1b>[0m
     test_mapTrips.R............... 5 tests <1b>[0;32mOK<1b>[0m No duration specified, trips splitting will be done using only innerBuff and
     returnBuff.
     Error in if (steptime[k] > gapLimit) { :
     missing value where TRUE/FALSE needed
     Calls: <Anonymous> ... lapply -> FUN -> eval -> eval -> tripSplit -> splitSingleID
     In addition: There were 50 or more warnings (use warnings() to see the first 50)
     Execution halted
Flavor: r-devel-linux-x86_64-debian-clang

Version: 1.0.2
Check: tests
Result: ERROR
     Running ‘tinytest.R’ [29s/43s]
    Running the tests in ‘tests/tinytest.R’ failed.
    Complete output:
     > if ( requireNamespace("tinytest", quietly=TRUE) ){
     + tinytest::test_package("track2KBA")
     + }
    
     test_estSpaceUse.R............ 0 tests
     Attaching package: 'lubridate'
    
     The following objects are masked from 'package:base':
    
     date, intersect, setdiff, union
    
    
     test_estSpaceUse.R............ 0 tests
     test_estSpaceUse.R............ 0 tests
     test_estSpaceUse.R............ 1 tests <1b>[0;32mOK<1b>[0m NOTE: projection is data specific
    
     test_estSpaceUse.R............ 1 tests <1b>[0;32mOK<1b>[0m
     test_estSpaceUse.R............ 2 tests <1b>[0;32mOK<1b>[0m
     test_estSpaceUse.R............ 3 tests <1b>[0;32mOK<1b>[0m
     test_estSpaceUse.R............ 4 tests <1b>[0;32mOK<1b>[0m
     test_estSpaceUse.R............ 5 tests <1b>[0;32mOK<1b>[0m
     test_estSpaceUse.R............ 6 tests <1b>[0;32mOK<1b>[0m
     test_estSpaceUse.R............ 7 tests <1b>[0;32mOK<1b>[0m
     test_estSpaceUse.R............ 8 tests <1b>[0;32mOK<1b>[0m
     test_estSpaceUse.R............ 8 tests <1b>[0;32mOK<1b>[0m NOTE: projection is data specific
    
     test_estSpaceUse.R............ 8 tests <1b>[0;32mOK<1b>[0m
     test_estSpaceUse.R............ 9 tests <1b>[0;32mOK<1b>[0m
     test_estSpaceUse.R............ 9 tests <1b>[0;32mOK<1b>[0m
     test_estSpaceUse.R............ 9 tests <1b>[0;32mOK<1b>[0m
     test_estSpaceUse.R............ 9 tests <1b>[0;32mOK<1b>[0m NOTE: projection is data specific
    
     test_estSpaceUse.R............ 9 tests <1b>[0;32mOK<1b>[0m
     test_estSpaceUse.R............ 10 tests <1b>[0;32mOK<1b>[0m
     test_estSpaceUse.R............ 10 tests <1b>[0;32mOK<1b>[0m NOTE: projection is data specific
    
     test_estSpaceUse.R............ 10 tests <1b>[0;32mOK<1b>[0m
     test_estSpaceUse.R............ 11 tests <1b>[0;32mOK<1b>[0m <1b>[0;34m3.8s<1b>[0m
    
     test_findScale.R.............. 0 tests
     test_findScale.R.............. 0 tests
     test_findScale.R.............. 0 tests
     Attaching package: 'dplyr'
    
     The following objects are masked from 'package:stats':
    
     filter, lag
    
     The following objects are masked from 'package:base':
    
     intersect, setdiff, setequal, union
    
    
     test_findScale.R.............. 0 tests
     test_findScale.R.............. 0 tests
     test_findScale.R.............. 1 tests <1b>[0;32mOK<1b>[0m
     test_findScale.R.............. 1 tests <1b>[0;32mOK<1b>[0m track A01 starts out on trip
    
     test_findScale.R.............. 1 tests <1b>[0;32mOK<1b>[0m
     test_findScale.R.............. 1 tests <1b>[0;32mOK<1b>[0m
     test_findScale.R.............. 1 tests <1b>[0;32mOK<1b>[0m NOTE: projection is data specific
    
     test_findScale.R.............. 1 tests <1b>[0;32mOK<1b>[0m
     test_findScale.R.............. 2 tests <1b>[0;32mOK<1b>[0m
     test_findScale.R.............. 3 tests <1b>[0;32mOK<1b>[0m As no 'sumTrips' was supplied, the foraging range and mag, cannot be
     calculated.
     No 'res' was specified. Movement scale in the data was compared
     to a 500-cell grid with cell size of 0.011 km squared.
    
     test_findScale.R.............. 4 tests <1b>[0;32mOK<1b>[0m As no 'sumTrips' was supplied, the foraging range and mag, cannot be
     calculated.
     No 'res' was specified. Movement scale in the data was compared
     to a 500-cell grid with cell size of 0.011 km squared.
    
     test_findScale.R.............. 5 tests <1b>[0;32mOK<1b>[0m No 'res' was specified. Movement scale in the data was compared
     to a 500-cell grid with cell size of 0.011 km squared.
    
     test_findScale.R.............. 6 tests <1b>[0;32mOK<1b>[0m No 'res' was specified. Movement scale in the data was compared
     to a 500-cell grid with cell size of 0.011 km squared.
    
     test_findScale.R.............. 7 tests <1b>[0;32mOK<1b>[0m
     test_findScale.R.............. 7 tests <1b>[0;32mOK<1b>[0m
     test_findScale.R.............. 7 tests <1b>[0;32mOK<1b>[0m No 'res' was specified. Movement scale in the data was compared
     to a 500-cell grid with cell size of 0.011 km squared.
     No 'res' was specified. Movement scale in the data was compared
     to a 500-cell grid with cell size of 0.011 km squared.
    
     test_findScale.R.............. 8 tests <1b>[0;32mOK<1b>[0m
     test_findScale.R.............. 9 tests <1b>[0;32mOK<1b>[0m As no 'sumTrips' was supplied, the foraging range and mag, cannot be
     calculated.
     No 'res' was specified. Movement scale in the data was compared
     to a 500-cell grid with cell size of 0.011 km squared.
    
     test_findScale.R.............. 10 tests <1b>[0;32mOK<1b>[0m As no 'sumTrips' was supplied, the foraging range and mag, cannot be
     calculated.
     No 'res' was specified. Movement scale in the data was compared
     to a 500-cell grid with cell size of 0.011 km squared.
    
     test_findScale.R.............. 11 tests <1b>[0;32mOK<1b>[0m
     test_findScale.R.............. 11 tests <1b>[0;32mOK<1b>[0m No 'res' was specified. Movement scale in the data was compared
     to a 500-cell grid with cell size of 0.011 km squared.
    
     test_findScale.R.............. 12 tests <1b>[0;32mOK<1b>[0m
     test_findScale.R.............. 12 tests <1b>[0;32mOK<1b>[0m No 'res' was specified. Movement scale in the data was compared
     to a 500-cell grid with cell size of 0.011 km squared.
    
     test_findScale.R.............. 13 tests <1b>[0;32mOK<1b>[0m
     test_findScale.R.............. 13 tests <1b>[0;32mOK<1b>[0m
     test_findScale.R.............. 13 tests <1b>[0;32mOK<1b>[0m
     test_findScale.R.............. 14 tests <1b>[0;32mOK<1b>[0m
     test_findScale.R.............. 14 tests <1b>[0;32mOK<1b>[0m As no 'sumTrips' was supplied, the foraging range and mag, cannot be
     calculated.
     No 'res' was specified. Movement scale in the data was compared
     to a 500-cell grid with cell size of 0.011 km squared.
     As no 'sumTrips' was supplied, the foraging range and mag, cannot be
     calculated.
     No 'res' was specified. Movement scale in the data was compared
     to a 500-cell grid with cell size of 0.011 km squared.
    
     test_findScale.R.............. 15 tests <1b>[0;32mOK<1b>[0m
     test_findScale.R.............. 15 tests <1b>[0;32mOK<1b>[0m track A01 starts out on trip
    
     test_findScale.R.............. 15 tests <1b>[0;32mOK<1b>[0m
     test_findScale.R.............. 15 tests <1b>[0;32mOK<1b>[0m NOTE: projection is data specific
    
     test_findScale.R.............. 15 tests <1b>[0;32mOK<1b>[0m No 'res' was specified. Movement scale in the data was compared
     to a 500-cell grid with cell size of 0.245 km squared.
     The average step length in your data is greater than 20km. Data at
     this resolution are likely inappropriate for identifying
     Area-Restricted Search behavior. Consider using another scale parameter
     (e.g. href).
    
     test_findScale.R.............. 16 tests <1b>[0;32mOK<1b>[0m <1b>[0;34m2.3s<1b>[0m
    
     test_findSite.R............... 0 tests
     test_findSite.R............... 0 tests NOTE: projection is data specific
    
     test_findSite.R............... 0 tests
     test_findSite.R............... 0 tests
     test_findSite.R............... 1 tests <1b>[0;32mOK<1b>[0m
     test_findSite.R............... 2 tests <1b>[0;32mOK<1b>[0m
     test_findSite.R............... 3 tests <1b>[0;32mOK<1b>[0m
     test_findSite.R............... 4 tests <1b>[0;32mOK<1b>[0m
     test_findSite.R............... 5 tests <1b>[0;32mOK<1b>[0m
     test_findSite.R............... 6 tests <1b>[0;32mOK<1b>[0m
     test_findSite.R............... 7 tests <1b>[0;32mOK<1b>[0m
     test_findSite.R............... 8 tests <1b>[0;32mOK<1b>[0m
     test_findSite.R............... 9 tests <1b>[0;32mOK<1b>[0m <1b>[0;34m1.9s<1b>[0m
    
     test_formatFields.R........... 0 tests
     test_formatFields.R........... 0 tests
     test_formatFields.R........... 0 tests
     test_formatFields.R........... 1 tests <1b>[0;32mOK<1b>[0m
     test_formatFields.R........... 2 tests <1b>[0;32mOK<1b>[0m
     test_formatFields.R........... 3 tests <1b>[0;32mOK<1b>[0m
     test_formatFields.R........... 4 tests <1b>[0;32mOK<1b>[0m
     test_formatFields.R........... 5 tests <1b>[0;32mOK<1b>[0m
     test_formatFields.R........... 6 tests <1b>[0;32mOK<1b>[0m Column supplied to 'fieldDateTime' is not of class POSIXct, the function
     will attempt to convert it.
    
     test_formatFields.R........... 7 tests <1b>[0;32mOK<1b>[0m Column supplied to 'fieldDateTime' is not of class POSIXct, the function
     will attempt to convert it.
    
     test_formatFields.R........... 8 tests <1b>[0;32mOK<1b>[0m
     test_formatFields.R........... 8 tests <1b>[0;32mOK<1b>[0m No fieldID specified, so the pre-existing column named 'ID' used.
     If another field desired as IDentifier, specify in fieldID argument.
     Column supplied to 'fieldDateTime' is not of class POSIXct, the function
     will attempt to convert it.
    
     test_formatFields.R........... 9 tests <1b>[0;32mOK<1b>[0m
     test_formatFields.R........... 9 tests <1b>[0;32mOK<1b>[0m
     test_formatFields.R........... 10 tests <1b>[0;32mOK<1b>[0m
     test_formatFields.R........... 11 tests <1b>[0;32mOK<1b>[0m
     test_formatFields.R........... 12 tests <1b>[0;32mOK<1b>[0m
     test_formatFields.R........... 13 tests <1b>[0;32mOK<1b>[0m
     test_formatFields.R........... 14 tests <1b>[0;32mOK<1b>[0m
     test_formatFields.R........... 15 tests <1b>[0;32mOK<1b>[0m
     test_formatFields.R........... 15 tests <1b>[0;32mOK<1b>[0m NOTE: as fieldID != 'ID' and a column of this name is present,
     this column has been renamed to 'origID' and ID corresponds to the
     fieldID specified.
    
     test_formatFields.R........... 16 tests <1b>[0;32mOK<1b>[0m NOTE: as fieldID != 'ID' and a column of this name is present,
     this column has been renamed to 'origID' and ID corresponds to the
     fieldID specified.
    
     test_formatFields.R........... 17 tests <1b>[0;32mOK<1b>[0m
     test_formatFields.R........... 17 tests <1b>[0;32mOK<1b>[0m
     test_formatFields.R........... 17 tests <1b>[0;32mOK<1b>[0m
     test_formatFields.R........... 17 tests <1b>[0;32mOK<1b>[0m No format supplied for Date and Time fields, a default format ('ymd_HMS')
     attempted when combining the fields. If error produced, see help page
     ('?lubridate::parse_date_time') for information on date formats.
    
     test_formatFields.R........... 18 tests <1b>[0;31m1 fails<1b>[0m
     test_formatFields.R........... 19 tests <1b>[0;31m2 fails<1b>[0m Only a Date column (fieldDate) supplied, this will be used to create the
     DateTime column. If you have a Time column, indicate it in the 'fieldTime'
     argument.
     No format supplied for the Date field, default ('ymd') attempted.
     If warning that 'no formats are found' produced, see help page
     ('?lubridate::parse_date_time') for information on Date formats.
    
     test_formatFields.R........... 20 tests <1b>[0;31m2 fails<1b>[0m Only a Date column (fieldDate) supplied, this will be used to create the
     DateTime column. If you have a Time column, indicate it in the 'fieldTime'
     argument.
    
     test_formatFields.R........... 21 tests <1b>[0;31m2 fails<1b>[0m
     test_formatFields.R........... 21 tests <1b>[0;31m2 fails<1b>[0m NOTE: as fieldID != 'ID' and a column of this name is present,
     this column has been renamed to 'origID' and ID corresponds to the
     fieldID specified.
    
     test_formatFields.R........... 22 tests <1b>[0;31m2 fails<1b>[0m <1b>[0;34m0.3s<1b>[0m
    
     test_indEffectTest.R.......... 0 tests
     test_indEffectTest.R.......... 0 tests
     test_indEffectTest.R.......... 0 tests
     test_indEffectTest.R.......... 0 tests WARNING:dataset may contain duplicated data, this will affect trip-splitting
     track A01 starts out on trip
    
     test_indEffectTest.R.......... 0 tests NOTE: projection is data specific
    
     test_indEffectTest.R.......... 0 tests
     test_indEffectTest.R.......... 1 tests <1b>[0;32mOK<1b>[0m <1b>[0;34m5.1s<1b>[0m
    
     test_mapKDE.R................. 0 tests
     test_mapKDE.R................. 0 tests
     test_mapKDE.R................. 0 tests
     test_mapKDE.R................. 0 tests NOTE: projection is data specific
    
     test_mapKDE.R................. 0 tests No grid resolution ('res') was specified, or the specified resolution was
     >99 km and therefore ignored. Space use was calculated on a 500-cell grid,
     with cells of 0.411 square km
    
     test_mapKDE.R................. 0 tests
     test_mapKDE.R................. 1 tests <1b>[0;32mOK<1b>[0m No grid resolution ('res') was specified, or the specified resolution was
     >99 km and therefore ignored. Space use was calculated on a 500-cell grid,
     with cells of 0.411 square km
    
     test_mapKDE.R................. 1 tests <1b>[0;32mOK<1b>[0m
     test_mapKDE.R................. 2 tests <1b>[0;32mOK<1b>[0m
     test_mapKDE.R................. 3 tests <1b>[0;32mOK<1b>[0m
     test_mapKDE.R................. 4 tests <1b>[0;32mOK<1b>[0m
     test_mapKDE.R................. 5 tests <1b>[0;32mOK<1b>[0m <1b>[0;34m6.9s<1b>[0m
    
     test_mapSite.R................ 0 tests
     test_mapSite.R................ 0 tests
     test_mapSite.R................ 0 tests NOTE: projection is data specific
    
     test_mapSite.R................ 0 tests
     test_mapSite.R................ 0 tests
     test_mapSite.R................ 0 tests
     test_mapSite.R................ 1 tests <1b>[0;32mOK<1b>[0m
     test_mapSite.R................ 2 tests <1b>[0;32mOK<1b>[0m
     test_mapSite.R................ 3 tests <1b>[0;32mOK<1b>[0m
     test_mapSite.R................ 4 tests <1b>[0;32mOK<1b>[0m
     test_mapSite.R................ 4 tests <1b>[0;32mOK<1b>[0m
     test_mapSite.R................ 5 tests <1b>[0;32mOK<1b>[0m
     test_mapSite.R................ 6 tests <1b>[0;32mOK<1b>[0m
     test_mapSite.R................ 7 tests <1b>[0;32mOK<1b>[0m No value for population size provided. Output for N_animals is in % of pop
     size
    
     test_mapSite.R................ 7 tests <1b>[0;32mOK<1b>[0m
     test_mapSite.R................ 8 tests <1b>[0;32mOK<1b>[0m <1b>[0;34m5.4s<1b>[0m
    
     test_mapTrips.R............... 0 tests
     test_mapTrips.R............... 0 tests
     test_mapTrips.R............... 0 tests No duration specified, trips splitting will be done using only innerBuff and
     returnBuff.
     track A01 starts out on trip
     track B01 starts out on trip
    
     test_mapTrips.R............... 0 tests
     test_mapTrips.R............... 1 tests <1b>[0;32mOK<1b>[0m
     test_mapTrips.R............... 2 tests <1b>[0;32mOK<1b>[0m
     test_mapTrips.R............... 3 tests <1b>[0;32mOK<1b>[0m
     test_mapTrips.R............... 4 tests <1b>[0;32mOK<1b>[0m Trips colored by completeness. Indicate colorBy=='trip' to color by
     trips.
    
     test_mapTrips.R............... 5 tests <1b>[0;32mOK<1b>[0m
     test_mapTrips.R............... 5 tests <1b>[0;32mOK<1b>[0m
     test_mapTrips.R............... 5 tests <1b>[0;32mOK<1b>[0m No duration specified, trips splitting will be done using only innerBuff and
     returnBuff.
     Error in if (steptime[k] > gapLimit) { :
     missing value where TRUE/FALSE needed
     Calls: <Anonymous> ... lapply -> FUN -> eval -> eval -> tripSplit -> splitSingleID
     In addition: There were 50 or more warnings (use warnings() to see the first 50)
     Execution halted
Flavor: r-devel-linux-x86_64-debian-gcc

Version: 1.0.2
Check: tests
Result: ERROR
     Running ‘tinytest.R’ [25s/26s]
    Running the tests in ‘tests/tinytest.R’ failed.
    Complete output:
     > if ( requireNamespace("tinytest", quietly=TRUE) ){
     + tinytest::test_package("track2KBA")
     + }
    
     test_estSpaceUse.R............ 0 tests
     Attaching package: 'lubridate'
    
     The following objects are masked from 'package:base':
    
     date, intersect, setdiff, union
    
    
     test_estSpaceUse.R............ 0 tests
     test_estSpaceUse.R............ 0 tests
     test_estSpaceUse.R............ 1 tests <1b>[0;32mOK<1b>[0m NOTE: projection is data specific
    
     test_estSpaceUse.R............ 1 tests <1b>[0;32mOK<1b>[0m
     test_estSpaceUse.R............ 2 tests <1b>[0;32mOK<1b>[0m
     test_estSpaceUse.R............ 3 tests <1b>[0;32mOK<1b>[0m
     test_estSpaceUse.R............ 4 tests <1b>[0;32mOK<1b>[0m
     test_estSpaceUse.R............ 5 tests <1b>[0;32mOK<1b>[0m
     test_estSpaceUse.R............ 6 tests <1b>[0;32mOK<1b>[0m
     test_estSpaceUse.R............ 7 tests <1b>[0;32mOK<1b>[0m
     test_estSpaceUse.R............ 8 tests <1b>[0;32mOK<1b>[0m
     test_estSpaceUse.R............ 8 tests <1b>[0;32mOK<1b>[0m NOTE: projection is data specific
    
     test_estSpaceUse.R............ 8 tests <1b>[0;32mOK<1b>[0m
     test_estSpaceUse.R............ 9 tests <1b>[0;32mOK<1b>[0m
     test_estSpaceUse.R............ 9 tests <1b>[0;32mOK<1b>[0m
     test_estSpaceUse.R............ 9 tests <1b>[0;32mOK<1b>[0m
     test_estSpaceUse.R............ 9 tests <1b>[0;32mOK<1b>[0m NOTE: projection is data specific
    
     test_estSpaceUse.R............ 9 tests <1b>[0;32mOK<1b>[0m
     test_estSpaceUse.R............ 10 tests <1b>[0;32mOK<1b>[0m
     test_estSpaceUse.R............ 10 tests <1b>[0;32mOK<1b>[0m NOTE: projection is data specific
    
     test_estSpaceUse.R............ 10 tests <1b>[0;32mOK<1b>[0m
     test_estSpaceUse.R............ 11 tests <1b>[0;32mOK<1b>[0m <1b>[0;34m2.1s<1b>[0m
    
     test_findScale.R.............. 0 tests
     test_findScale.R.............. 0 tests
     test_findScale.R.............. 0 tests
     Attaching package: 'dplyr'
    
     The following objects are masked from 'package:stats':
    
     filter, lag
    
     The following objects are masked from 'package:base':
    
     intersect, setdiff, setequal, union
    
    
     test_findScale.R.............. 0 tests
     test_findScale.R.............. 0 tests
     test_findScale.R.............. 1 tests <1b>[0;32mOK<1b>[0m
     test_findScale.R.............. 1 tests <1b>[0;32mOK<1b>[0m track A01 starts out on trip
    
     test_findScale.R.............. 1 tests <1b>[0;32mOK<1b>[0m
     test_findScale.R.............. 1 tests <1b>[0;32mOK<1b>[0m
     test_findScale.R.............. 1 tests <1b>[0;32mOK<1b>[0m NOTE: projection is data specific
    
     test_findScale.R.............. 1 tests <1b>[0;32mOK<1b>[0m
     test_findScale.R.............. 2 tests <1b>[0;32mOK<1b>[0m
     test_findScale.R.............. 3 tests <1b>[0;32mOK<1b>[0m As no 'sumTrips' was supplied, the foraging range and mag, cannot be
     calculated.
     No 'res' was specified. Movement scale in the data was compared
     to a 500-cell grid with cell size of 0.011 km squared.
    
     test_findScale.R.............. 4 tests <1b>[0;32mOK<1b>[0m As no 'sumTrips' was supplied, the foraging range and mag, cannot be
     calculated.
     No 'res' was specified. Movement scale in the data was compared
     to a 500-cell grid with cell size of 0.011 km squared.
    
     test_findScale.R.............. 5 tests <1b>[0;32mOK<1b>[0m No 'res' was specified. Movement scale in the data was compared
     to a 500-cell grid with cell size of 0.011 km squared.
    
     test_findScale.R.............. 6 tests <1b>[0;32mOK<1b>[0m No 'res' was specified. Movement scale in the data was compared
     to a 500-cell grid with cell size of 0.011 km squared.
    
     test_findScale.R.............. 7 tests <1b>[0;32mOK<1b>[0m
     test_findScale.R.............. 7 tests <1b>[0;32mOK<1b>[0m
     test_findScale.R.............. 7 tests <1b>[0;32mOK<1b>[0m No 'res' was specified. Movement scale in the data was compared
     to a 500-cell grid with cell size of 0.011 km squared.
     No 'res' was specified. Movement scale in the data was compared
     to a 500-cell grid with cell size of 0.011 km squared.
    
     test_findScale.R.............. 8 tests <1b>[0;32mOK<1b>[0m
     test_findScale.R.............. 9 tests <1b>[0;32mOK<1b>[0m As no 'sumTrips' was supplied, the foraging range and mag, cannot be
     calculated.
     No 'res' was specified. Movement scale in the data was compared
     to a 500-cell grid with cell size of 0.011 km squared.
    
     test_findScale.R.............. 10 tests <1b>[0;32mOK<1b>[0m As no 'sumTrips' was supplied, the foraging range and mag, cannot be
     calculated.
     No 'res' was specified. Movement scale in the data was compared
     to a 500-cell grid with cell size of 0.011 km squared.
    
     test_findScale.R.............. 11 tests <1b>[0;32mOK<1b>[0m
     test_findScale.R.............. 11 tests <1b>[0;32mOK<1b>[0m No 'res' was specified. Movement scale in the data was compared
     to a 500-cell grid with cell size of 0.011 km squared.
    
     test_findScale.R.............. 12 tests <1b>[0;32mOK<1b>[0m
     test_findScale.R.............. 12 tests <1b>[0;32mOK<1b>[0m No 'res' was specified. Movement scale in the data was compared
     to a 500-cell grid with cell size of 0.011 km squared.
    
     test_findScale.R.............. 13 tests <1b>[0;32mOK<1b>[0m
     test_findScale.R.............. 13 tests <1b>[0;32mOK<1b>[0m
     test_findScale.R.............. 13 tests <1b>[0;32mOK<1b>[0m
     test_findScale.R.............. 14 tests <1b>[0;32mOK<1b>[0m
     test_findScale.R.............. 14 tests <1b>[0;32mOK<1b>[0m As no 'sumTrips' was supplied, the foraging range and mag, cannot be
     calculated.
     No 'res' was specified. Movement scale in the data was compared
     to a 500-cell grid with cell size of 0.011 km squared.
     As no 'sumTrips' was supplied, the foraging range and mag, cannot be
     calculated.
     No 'res' was specified. Movement scale in the data was compared
     to a 500-cell grid with cell size of 0.011 km squared.
    
     test_findScale.R.............. 15 tests <1b>[0;32mOK<1b>[0m
     test_findScale.R.............. 15 tests <1b>[0;32mOK<1b>[0m track A01 starts out on trip
    
     test_findScale.R.............. 15 tests <1b>[0;32mOK<1b>[0m
     test_findScale.R.............. 15 tests <1b>[0;32mOK<1b>[0m NOTE: projection is data specific
    
     test_findScale.R.............. 15 tests <1b>[0;32mOK<1b>[0m No 'res' was specified. Movement scale in the data was compared
     to a 500-cell grid with cell size of 0.245 km squared.
     The average step length in your data is greater than 20km. Data at
     this resolution are likely inappropriate for identifying
     Area-Restricted Search behavior. Consider using another scale parameter
     (e.g. href).
    
     test_findScale.R.............. 16 tests <1b>[0;32mOK<1b>[0m <1b>[0;34m1.2s<1b>[0m
    
     test_findSite.R............... 0 tests
     test_findSite.R............... 0 tests NOTE: projection is data specific
    
     test_findSite.R............... 0 tests
     test_findSite.R............... 0 tests
     test_findSite.R............... 1 tests <1b>[0;32mOK<1b>[0m
     test_findSite.R............... 2 tests <1b>[0;32mOK<1b>[0m
     test_findSite.R............... 3 tests <1b>[0;32mOK<1b>[0m
     test_findSite.R............... 4 tests <1b>[0;32mOK<1b>[0m
     test_findSite.R............... 5 tests <1b>[0;32mOK<1b>[0m
     test_findSite.R............... 6 tests <1b>[0;32mOK<1b>[0m
     test_findSite.R............... 7 tests <1b>[0;32mOK<1b>[0m
     test_findSite.R............... 8 tests <1b>[0;32mOK<1b>[0m
     test_findSite.R............... 9 tests <1b>[0;32mOK<1b>[0m <1b>[0;34m1.2s<1b>[0m
    
     test_formatFields.R........... 0 tests
     test_formatFields.R........... 0 tests
     test_formatFields.R........... 0 tests
     test_formatFields.R........... 1 tests <1b>[0;32mOK<1b>[0m
     test_formatFields.R........... 2 tests <1b>[0;32mOK<1b>[0m
     test_formatFields.R........... 3 tests <1b>[0;32mOK<1b>[0m
     test_formatFields.R........... 4 tests <1b>[0;32mOK<1b>[0m
     test_formatFields.R........... 5 tests <1b>[0;32mOK<1b>[0m
     test_formatFields.R........... 6 tests <1b>[0;32mOK<1b>[0m Column supplied to 'fieldDateTime' is not of class POSIXct, the function
     will attempt to convert it.
    
     test_formatFields.R........... 7 tests <1b>[0;32mOK<1b>[0m Column supplied to 'fieldDateTime' is not of class POSIXct, the function
     will attempt to convert it.
    
     test_formatFields.R........... 8 tests <1b>[0;32mOK<1b>[0m
     test_formatFields.R........... 8 tests <1b>[0;32mOK<1b>[0m No fieldID specified, so the pre-existing column named 'ID' used.
     If another field desired as IDentifier, specify in fieldID argument.
     Column supplied to 'fieldDateTime' is not of class POSIXct, the function
     will attempt to convert it.
    
     test_formatFields.R........... 9 tests <1b>[0;32mOK<1b>[0m
     test_formatFields.R........... 9 tests <1b>[0;32mOK<1b>[0m
     test_formatFields.R........... 10 tests <1b>[0;32mOK<1b>[0m
     test_formatFields.R........... 11 tests <1b>[0;32mOK<1b>[0m
     test_formatFields.R........... 12 tests <1b>[0;32mOK<1b>[0m
     test_formatFields.R........... 13 tests <1b>[0;32mOK<1b>[0m
     test_formatFields.R........... 14 tests <1b>[0;32mOK<1b>[0m
     test_formatFields.R........... 15 tests <1b>[0;32mOK<1b>[0m
     test_formatFields.R........... 15 tests <1b>[0;32mOK<1b>[0m NOTE: as fieldID != 'ID' and a column of this name is present,
     this column has been renamed to 'origID' and ID corresponds to the
     fieldID specified.
    
     test_formatFields.R........... 16 tests <1b>[0;32mOK<1b>[0m NOTE: as fieldID != 'ID' and a column of this name is present,
     this column has been renamed to 'origID' and ID corresponds to the
     fieldID specified.
    
     test_formatFields.R........... 17 tests <1b>[0;32mOK<1b>[0m
     test_formatFields.R........... 17 tests <1b>[0;32mOK<1b>[0m
     test_formatFields.R........... 17 tests <1b>[0;32mOK<1b>[0m
     test_formatFields.R........... 17 tests <1b>[0;32mOK<1b>[0m No format supplied for Date and Time fields, a default format ('ymd_HMS')
     attempted when combining the fields. If error produced, see help page
     ('?lubridate::parse_date_time') for information on date formats.
    
     test_formatFields.R........... 18 tests <1b>[0;31m1 fails<1b>[0m
     test_formatFields.R........... 19 tests <1b>[0;31m2 fails<1b>[0m Only a Date column (fieldDate) supplied, this will be used to create the
     DateTime column. If you have a Time column, indicate it in the 'fieldTime'
     argument.
     No format supplied for the Date field, default ('ymd') attempted.
     If warning that 'no formats are found' produced, see help page
     ('?lubridate::parse_date_time') for information on Date formats.
    
     test_formatFields.R........... 20 tests <1b>[0;31m2 fails<1b>[0m Only a Date column (fieldDate) supplied, this will be used to create the
     DateTime column. If you have a Time column, indicate it in the 'fieldTime'
     argument.
    
     test_formatFields.R........... 21 tests <1b>[0;31m2 fails<1b>[0m
     test_formatFields.R........... 21 tests <1b>[0;31m2 fails<1b>[0m NOTE: as fieldID != 'ID' and a column of this name is present,
     this column has been renamed to 'origID' and ID corresponds to the
     fieldID specified.
    
     test_formatFields.R........... 22 tests <1b>[0;31m2 fails<1b>[0m <1b>[0;34m0.2s<1b>[0m
    
     test_indEffectTest.R.......... 0 tests
     test_indEffectTest.R.......... 0 tests
     test_indEffectTest.R.......... 0 tests
     test_indEffectTest.R.......... 0 tests WARNING:dataset may contain duplicated data, this will affect trip-splitting
     track A01 starts out on trip
    
     test_indEffectTest.R.......... 0 tests NOTE: projection is data specific
    
     test_indEffectTest.R.......... 0 tests
     test_indEffectTest.R.......... 1 tests <1b>[0;32mOK<1b>[0m <1b>[0;34m3.4s<1b>[0m
    
     test_mapKDE.R................. 0 tests
     test_mapKDE.R................. 0 tests
     test_mapKDE.R................. 0 tests
     test_mapKDE.R................. 0 tests NOTE: projection is data specific
    
     test_mapKDE.R................. 0 tests No grid resolution ('res') was specified, or the specified resolution was
     >99 km and therefore ignored. Space use was calculated on a 500-cell grid,
     with cells of 0.411 square km
    
     test_mapKDE.R................. 0 tests
     test_mapKDE.R................. 1 tests <1b>[0;32mOK<1b>[0m No grid resolution ('res') was specified, or the specified resolution was
     >99 km and therefore ignored. Space use was calculated on a 500-cell grid,
     with cells of 0.411 square km
    
     test_mapKDE.R................. 1 tests <1b>[0;32mOK<1b>[0m
     test_mapKDE.R................. 2 tests <1b>[0;32mOK<1b>[0m
     test_mapKDE.R................. 3 tests <1b>[0;32mOK<1b>[0m
     test_mapKDE.R................. 4 tests <1b>[0;32mOK<1b>[0m
     test_mapKDE.R................. 5 tests <1b>[0;32mOK<1b>[0m <1b>[0;34m4.1s<1b>[0m
    
     test_mapSite.R................ 0 tests
     test_mapSite.R................ 0 tests
     test_mapSite.R................ 0 tests NOTE: projection is data specific
    
     test_mapSite.R................ 0 tests
     test_mapSite.R................ 0 tests
     test_mapSite.R................ 0 tests
     test_mapSite.R................ 1 tests <1b>[0;32mOK<1b>[0m
     test_mapSite.R................ 2 tests <1b>[0;32mOK<1b>[0m
     test_mapSite.R................ 3 tests <1b>[0;32mOK<1b>[0m
     test_mapSite.R................ 4 tests <1b>[0;32mOK<1b>[0m
     test_mapSite.R................ 4 tests <1b>[0;32mOK<1b>[0m
     test_mapSite.R................ 5 tests <1b>[0;32mOK<1b>[0m
     test_mapSite.R................ 6 tests <1b>[0;32mOK<1b>[0m
     test_mapSite.R................ 7 tests <1b>[0;32mOK<1b>[0m No value for population size provided. Output for N_animals is in % of pop
     size
    
     test_mapSite.R................ 7 tests <1b>[0;32mOK<1b>[0m
     test_mapSite.R................ 8 tests <1b>[0;32mOK<1b>[0m <1b>[0;34m3.0s<1b>[0m
    
     test_mapTrips.R............... 0 tests
     test_mapTrips.R............... 0 tests
     test_mapTrips.R............... 0 tests No duration specified, trips splitting will be done using only innerBuff and
     returnBuff.
     track A01 starts out on trip
     track B01 starts out on trip
    
     test_mapTrips.R............... 0 tests
     test_mapTrips.R............... 1 tests <1b>[0;32mOK<1b>[0m
     test_mapTrips.R............... 2 tests <1b>[0;32mOK<1b>[0m
     test_mapTrips.R............... 3 tests <1b>[0;32mOK<1b>[0m
     test_mapTrips.R............... 4 tests <1b>[0;32mOK<1b>[0m Trips colored by completeness. Indicate colorBy=='trip' to color by
     trips.
    
     test_mapTrips.R............... 5 tests <1b>[0;32mOK<1b>[0m
     test_mapTrips.R............... 5 tests <1b>[0;32mOK<1b>[0m
     test_mapTrips.R............... 5 tests <1b>[0;32mOK<1b>[0m No duration specified, trips splitting will be done using only innerBuff and
     returnBuff.
     Error in if (steptime[k] > gapLimit) { :
     missing value where TRUE/FALSE needed
     Calls: <Anonymous> ... lapply -> FUN -> eval -> eval -> tripSplit -> splitSingleID
     In addition: There were 50 or more warnings (use warnings() to see the first 50)
     Execution halted
Flavor: r-devel-linux-x86_64-fedora-clang

Version: 1.0.2
Check: tests
Result: ERROR
     Running ‘tinytest.R’ [48s/84s]
    Running the tests in ‘tests/tinytest.R’ failed.
    Complete output:
     > if ( requireNamespace("tinytest", quietly=TRUE) ){
     + tinytest::test_package("track2KBA")
     + }
    
     test_estSpaceUse.R............ 0 tests
     Attaching package: 'lubridate'
    
     The following objects are masked from 'package:base':
    
     date, intersect, setdiff, union
    
    
     test_estSpaceUse.R............ 0 tests
     test_estSpaceUse.R............ 0 tests
     test_estSpaceUse.R............ 1 tests <1b>[0;32mOK<1b>[0m NOTE: projection is data specific
    
     test_estSpaceUse.R............ 1 tests <1b>[0;32mOK<1b>[0m
     test_estSpaceUse.R............ 2 tests <1b>[0;32mOK<1b>[0m
     test_estSpaceUse.R............ 3 tests <1b>[0;32mOK<1b>[0m
     test_estSpaceUse.R............ 4 tests <1b>[0;32mOK<1b>[0m
     test_estSpaceUse.R............ 5 tests <1b>[0;32mOK<1b>[0m
     test_estSpaceUse.R............ 6 tests <1b>[0;32mOK<1b>[0m
     test_estSpaceUse.R............ 7 tests <1b>[0;32mOK<1b>[0m
     test_estSpaceUse.R............ 8 tests <1b>[0;32mOK<1b>[0m
     test_estSpaceUse.R............ 8 tests <1b>[0;32mOK<1b>[0m NOTE: projection is data specific
    
     test_estSpaceUse.R............ 8 tests <1b>[0;32mOK<1b>[0m
     test_estSpaceUse.R............ 9 tests <1b>[0;32mOK<1b>[0m
     test_estSpaceUse.R............ 9 tests <1b>[0;32mOK<1b>[0m
     test_estSpaceUse.R............ 9 tests <1b>[0;32mOK<1b>[0m
     test_estSpaceUse.R............ 9 tests <1b>[0;32mOK<1b>[0m NOTE: projection is data specific
    
     test_estSpaceUse.R............ 9 tests <1b>[0;32mOK<1b>[0m
     test_estSpaceUse.R............ 10 tests <1b>[0;32mOK<1b>[0m
     test_estSpaceUse.R............ 10 tests <1b>[0;32mOK<1b>[0m NOTE: projection is data specific
    
     test_estSpaceUse.R............ 10 tests <1b>[0;32mOK<1b>[0m
     test_estSpaceUse.R............ 11 tests <1b>[0;32mOK<1b>[0m <1b>[0;34m4.6s<1b>[0m
    
     test_findScale.R.............. 0 tests
     test_findScale.R.............. 0 tests
     test_findScale.R.............. 0 tests
     Attaching package: 'dplyr'
    
     The following objects are masked from 'package:stats':
    
     filter, lag
    
     The following objects are masked from 'package:base':
    
     intersect, setdiff, setequal, union
    
    
     test_findScale.R.............. 0 tests
     test_findScale.R.............. 0 tests
     test_findScale.R.............. 1 tests <1b>[0;32mOK<1b>[0m
     test_findScale.R.............. 1 tests <1b>[0;32mOK<1b>[0m track A01 starts out on trip
    
     test_findScale.R.............. 1 tests <1b>[0;32mOK<1b>[0m
     test_findScale.R.............. 1 tests <1b>[0;32mOK<1b>[0m
     test_findScale.R.............. 1 tests <1b>[0;32mOK<1b>[0m NOTE: projection is data specific
    
     test_findScale.R.............. 1 tests <1b>[0;32mOK<1b>[0m
     test_findScale.R.............. 2 tests <1b>[0;32mOK<1b>[0m
     test_findScale.R.............. 3 tests <1b>[0;32mOK<1b>[0m As no 'sumTrips' was supplied, the foraging range and mag, cannot be
     calculated.
     No 'res' was specified. Movement scale in the data was compared
     to a 500-cell grid with cell size of 0.011 km squared.
    
     test_findScale.R.............. 4 tests <1b>[0;32mOK<1b>[0m As no 'sumTrips' was supplied, the foraging range and mag, cannot be
     calculated.
     No 'res' was specified. Movement scale in the data was compared
     to a 500-cell grid with cell size of 0.011 km squared.
    
     test_findScale.R.............. 5 tests <1b>[0;32mOK<1b>[0m No 'res' was specified. Movement scale in the data was compared
     to a 500-cell grid with cell size of 0.011 km squared.
    
     test_findScale.R.............. 6 tests <1b>[0;32mOK<1b>[0m No 'res' was specified. Movement scale in the data was compared
     to a 500-cell grid with cell size of 0.011 km squared.
    
     test_findScale.R.............. 7 tests <1b>[0;32mOK<1b>[0m
     test_findScale.R.............. 7 tests <1b>[0;32mOK<1b>[0m
     test_findScale.R.............. 7 tests <1b>[0;32mOK<1b>[0m No 'res' was specified. Movement scale in the data was compared
     to a 500-cell grid with cell size of 0.011 km squared.
     No 'res' was specified. Movement scale in the data was compared
     to a 500-cell grid with cell size of 0.011 km squared.
    
     test_findScale.R.............. 8 tests <1b>[0;32mOK<1b>[0m
     test_findScale.R.............. 9 tests <1b>[0;32mOK<1b>[0m As no 'sumTrips' was supplied, the foraging range and mag, cannot be
     calculated.
     No 'res' was specified. Movement scale in the data was compared
     to a 500-cell grid with cell size of 0.011 km squared.
    
     test_findScale.R.............. 10 tests <1b>[0;32mOK<1b>[0m As no 'sumTrips' was supplied, the foraging range and mag, cannot be
     calculated.
     No 'res' was specified. Movement scale in the data was compared
     to a 500-cell grid with cell size of 0.011 km squared.
    
     test_findScale.R.............. 11 tests <1b>[0;32mOK<1b>[0m
     test_findScale.R.............. 11 tests <1b>[0;32mOK<1b>[0m No 'res' was specified. Movement scale in the data was compared
     to a 500-cell grid with cell size of 0.011 km squared.
    
     test_findScale.R.............. 12 tests <1b>[0;32mOK<1b>[0m
     test_findScale.R.............. 12 tests <1b>[0;32mOK<1b>[0m No 'res' was specified. Movement scale in the data was compared
     to a 500-cell grid with cell size of 0.011 km squared.
    
     test_findScale.R.............. 13 tests <1b>[0;32mOK<1b>[0m
     test_findScale.R.............. 13 tests <1b>[0;32mOK<1b>[0m
     test_findScale.R.............. 13 tests <1b>[0;32mOK<1b>[0m
     test_findScale.R.............. 14 tests <1b>[0;32mOK<1b>[0m
     test_findScale.R.............. 14 tests <1b>[0;32mOK<1b>[0m As no 'sumTrips' was supplied, the foraging range and mag, cannot be
     calculated.
     No 'res' was specified. Movement scale in the data was compared
     to a 500-cell grid with cell size of 0.011 km squared.
     As no 'sumTrips' was supplied, the foraging range and mag, cannot be
     calculated.
     No 'res' was specified. Movement scale in the data was compared
     to a 500-cell grid with cell size of 0.011 km squared.
    
     test_findScale.R.............. 15 tests <1b>[0;32mOK<1b>[0m
     test_findScale.R.............. 15 tests <1b>[0;32mOK<1b>[0m track A01 starts out on trip
    
     test_findScale.R.............. 15 tests <1b>[0;32mOK<1b>[0m
     test_findScale.R.............. 15 tests <1b>[0;32mOK<1b>[0m NOTE: projection is data specific
    
     test_findScale.R.............. 15 tests <1b>[0;32mOK<1b>[0m No 'res' was specified. Movement scale in the data was compared
     to a 500-cell grid with cell size of 0.245 km squared.
     The average step length in your data is greater than 20km. Data at
     this resolution are likely inappropriate for identifying
     Area-Restricted Search behavior. Consider using another scale parameter
     (e.g. href).
    
     test_findScale.R.............. 16 tests <1b>[0;32mOK<1b>[0m <1b>[0;34m3.1s<1b>[0m
    
     test_findSite.R............... 0 tests
     test_findSite.R............... 0 tests NOTE: projection is data specific
    
     test_findSite.R............... 0 tests
     test_findSite.R............... 0 tests
     test_findSite.R............... 1 tests <1b>[0;32mOK<1b>[0m
     test_findSite.R............... 2 tests <1b>[0;32mOK<1b>[0m
     test_findSite.R............... 3 tests <1b>[0;32mOK<1b>[0m
     test_findSite.R............... 4 tests <1b>[0;32mOK<1b>[0m
     test_findSite.R............... 5 tests <1b>[0;32mOK<1b>[0m
     test_findSite.R............... 6 tests <1b>[0;32mOK<1b>[0m
     test_findSite.R............... 7 tests <1b>[0;32mOK<1b>[0m
     test_findSite.R............... 8 tests <1b>[0;32mOK<1b>[0m
     test_findSite.R............... 9 tests <1b>[0;32mOK<1b>[0m <1b>[0;34m3.3s<1b>[0m
    
     test_formatFields.R........... 0 tests
     test_formatFields.R........... 0 tests
     test_formatFields.R........... 0 tests
     test_formatFields.R........... 1 tests <1b>[0;32mOK<1b>[0m
     test_formatFields.R........... 2 tests <1b>[0;32mOK<1b>[0m
     test_formatFields.R........... 3 tests <1b>[0;32mOK<1b>[0m
     test_formatFields.R........... 4 tests <1b>[0;32mOK<1b>[0m
     test_formatFields.R........... 5 tests <1b>[0;32mOK<1b>[0m
     test_formatFields.R........... 6 tests <1b>[0;32mOK<1b>[0m Column supplied to 'fieldDateTime' is not of class POSIXct, the function
     will attempt to convert it.
    
     test_formatFields.R........... 7 tests <1b>[0;32mOK<1b>[0m Column supplied to 'fieldDateTime' is not of class POSIXct, the function
     will attempt to convert it.
    
     test_formatFields.R........... 8 tests <1b>[0;32mOK<1b>[0m
     test_formatFields.R........... 8 tests <1b>[0;32mOK<1b>[0m No fieldID specified, so the pre-existing column named 'ID' used.
     If another field desired as IDentifier, specify in fieldID argument.
     Column supplied to 'fieldDateTime' is not of class POSIXct, the function
     will attempt to convert it.
    
     test_formatFields.R........... 9 tests <1b>[0;32mOK<1b>[0m
     test_formatFields.R........... 9 tests <1b>[0;32mOK<1b>[0m
     test_formatFields.R........... 10 tests <1b>[0;32mOK<1b>[0m
     test_formatFields.R........... 11 tests <1b>[0;32mOK<1b>[0m
     test_formatFields.R........... 12 tests <1b>[0;32mOK<1b>[0m
     test_formatFields.R........... 13 tests <1b>[0;32mOK<1b>[0m
     test_formatFields.R........... 14 tests <1b>[0;32mOK<1b>[0m
     test_formatFields.R........... 15 tests <1b>[0;32mOK<1b>[0m
     test_formatFields.R........... 15 tests <1b>[0;32mOK<1b>[0m NOTE: as fieldID != 'ID' and a column of this name is present,
     this column has been renamed to 'origID' and ID corresponds to the
     fieldID specified.
    
     test_formatFields.R........... 16 tests <1b>[0;32mOK<1b>[0m NOTE: as fieldID != 'ID' and a column of this name is present,
     this column has been renamed to 'origID' and ID corresponds to the
     fieldID specified.
    
     test_formatFields.R........... 17 tests <1b>[0;32mOK<1b>[0m
     test_formatFields.R........... 17 tests <1b>[0;32mOK<1b>[0m
     test_formatFields.R........... 17 tests <1b>[0;32mOK<1b>[0m
     test_formatFields.R........... 17 tests <1b>[0;32mOK<1b>[0m No format supplied for Date and Time fields, a default format ('ymd_HMS')
     attempted when combining the fields. If error produced, see help page
     ('?lubridate::parse_date_time') for information on date formats.
    
     test_formatFields.R........... 18 tests <1b>[0;31m1 fails<1b>[0m
     test_formatFields.R........... 19 tests <1b>[0;31m2 fails<1b>[0m Only a Date column (fieldDate) supplied, this will be used to create the
     DateTime column. If you have a Time column, indicate it in the 'fieldTime'
     argument.
     No format supplied for the Date field, default ('ymd') attempted.
     If warning that 'no formats are found' produced, see help page
     ('?lubridate::parse_date_time') for information on Date formats.
    
     test_formatFields.R........... 20 tests <1b>[0;31m2 fails<1b>[0m Only a Date column (fieldDate) supplied, this will be used to create the
     DateTime column. If you have a Time column, indicate it in the 'fieldTime'
     argument.
    
     test_formatFields.R........... 21 tests <1b>[0;31m2 fails<1b>[0m
     test_formatFields.R........... 21 tests <1b>[0;31m2 fails<1b>[0m NOTE: as fieldID != 'ID' and a column of this name is present,
     this column has been renamed to 'origID' and ID corresponds to the
     fieldID specified.
    
     test_formatFields.R........... 22 tests <1b>[0;31m2 fails<1b>[0m <1b>[0;34m0.7s<1b>[0m
    
     test_indEffectTest.R.......... 0 tests
     test_indEffectTest.R.......... 0 tests
     test_indEffectTest.R.......... 0 tests
     test_indEffectTest.R.......... 0 tests WARNING:dataset may contain duplicated data, this will affect trip-splitting
     track A01 starts out on trip
    
     test_indEffectTest.R.......... 0 tests NOTE: projection is data specific
    
     test_indEffectTest.R.......... 0 tests
     test_indEffectTest.R.......... 1 tests <1b>[0;32mOK<1b>[0m <1b>[0;34m8.9s<1b>[0m
    
     test_mapKDE.R................. 0 tests
     test_mapKDE.R................. 0 tests
     test_mapKDE.R................. 0 tests
     test_mapKDE.R................. 0 tests NOTE: projection is data specific
    
     test_mapKDE.R................. 0 tests No grid resolution ('res') was specified, or the specified resolution was
     >99 km and therefore ignored. Space use was calculated on a 500-cell grid,
     with cells of 0.411 square km
    
     test_mapKDE.R................. 0 tests
     test_mapKDE.R................. 1 tests <1b>[0;32mOK<1b>[0m No grid resolution ('res') was specified, or the specified resolution was
     >99 km and therefore ignored. Space use was calculated on a 500-cell grid,
     with cells of 0.411 square km
    
     test_mapKDE.R................. 1 tests <1b>[0;32mOK<1b>[0m
     test_mapKDE.R................. 2 tests <1b>[0;32mOK<1b>[0m
     test_mapKDE.R................. 3 tests <1b>[0;32mOK<1b>[0m
     test_mapKDE.R................. 4 tests <1b>[0;32mOK<1b>[0m
     test_mapKDE.R................. 5 tests <1b>[0;32mOK<1b>[0m <1b>[0;34m11.2s<1b>[0m
    
     test_mapSite.R................ 0 tests
     test_mapSite.R................ 0 tests
     test_mapSite.R................ 0 tests NOTE: projection is data specific
    
     test_mapSite.R................ 0 tests
     test_mapSite.R................ 0 tests
     test_mapSite.R................ 0 tests
     test_mapSite.R................ 1 tests <1b>[0;32mOK<1b>[0m
     test_mapSite.R................ 2 tests <1b>[0;32mOK<1b>[0m
     test_mapSite.R................ 3 tests <1b>[0;32mOK<1b>[0m
     test_mapSite.R................ 4 tests <1b>[0;32mOK<1b>[0m
     test_mapSite.R................ 4 tests <1b>[0;32mOK<1b>[0m
     test_mapSite.R................ 5 tests <1b>[0;32mOK<1b>[0m
     test_mapSite.R................ 6 tests <1b>[0;32mOK<1b>[0m
     test_mapSite.R................ 7 tests <1b>[0;32mOK<1b>[0m No value for population size provided. Output for N_animals is in % of pop
     size
    
     test_mapSite.R................ 7 tests <1b>[0;32mOK<1b>[0m
     test_mapSite.R................ 8 tests <1b>[0;32mOK<1b>[0m <1b>[0;34m10.1s<1b>[0m
    
     test_mapTrips.R............... 0 tests
     test_mapTrips.R............... 0 tests
     test_mapTrips.R............... 0 tests No duration specified, trips splitting will be done using only innerBuff and
     returnBuff.
     track A01 starts out on trip
     track B01 starts out on trip
    
     test_mapTrips.R............... 0 tests
     test_mapTrips.R............... 1 tests <1b>[0;32mOK<1b>[0m
     test_mapTrips.R............... 2 tests <1b>[0;32mOK<1b>[0m
     test_mapTrips.R............... 3 tests <1b>[0;32mOK<1b>[0m
     test_mapTrips.R............... 4 tests <1b>[0;32mOK<1b>[0m Trips colored by completeness. Indicate colorBy=='trip' to color by
     trips.
    
     test_mapTrips.R............... 5 tests <1b>[0;32mOK<1b>[0m
     test_mapTrips.R............... 5 tests <1b>[0;32mOK<1b>[0m
     test_mapTrips.R............... 5 tests <1b>[0;32mOK<1b>[0m No duration specified, trips splitting will be done using only innerBuff and
     returnBuff.
     Error in if (steptime[k] > gapLimit) { :
     missing value where TRUE/FALSE needed
     Calls: <Anonymous> ... lapply -> FUN -> eval -> eval -> tripSplit -> splitSingleID
     In addition: There were 50 or more warnings (use warnings() to see the first 50)
     Execution halted
Flavor: r-devel-linux-x86_64-fedora-gcc

Version: 1.0.2
Check: tests
Result: ERROR
     Running 'tinytest.R' [39s]
    Running the tests in 'tests/tinytest.R' failed.
    Complete output:
     > if ( requireNamespace("tinytest", quietly=TRUE) ){
     + tinytest::test_package("track2KBA")
     + }
    
     test_estSpaceUse.R............ 0 tests
     Attaching package: 'lubridate'
    
     The following objects are masked from 'package:base':
    
     date, intersect, setdiff, union
    
    
     test_estSpaceUse.R............ 0 tests
     test_estSpaceUse.R............ 0 tests
     test_estSpaceUse.R............ 1 tests <1b>[0;32mOK<1b>[0m NOTE: projection is data specific
    
     test_estSpaceUse.R............ 1 tests <1b>[0;32mOK<1b>[0m
     test_estSpaceUse.R............ 2 tests <1b>[0;32mOK<1b>[0m
     test_estSpaceUse.R............ 3 tests <1b>[0;32mOK<1b>[0m
     test_estSpaceUse.R............ 4 tests <1b>[0;32mOK<1b>[0m
     test_estSpaceUse.R............ 5 tests <1b>[0;32mOK<1b>[0m
     test_estSpaceUse.R............ 6 tests <1b>[0;32mOK<1b>[0m
     test_estSpaceUse.R............ 7 tests <1b>[0;32mOK<1b>[0m
     test_estSpaceUse.R............ 8 tests <1b>[0;32mOK<1b>[0m
     test_estSpaceUse.R............ 8 tests <1b>[0;32mOK<1b>[0m NOTE: projection is data specific
    
     test_estSpaceUse.R............ 8 tests <1b>[0;32mOK<1b>[0m
     test_estSpaceUse.R............ 9 tests <1b>[0;32mOK<1b>[0m
     test_estSpaceUse.R............ 9 tests <1b>[0;32mOK<1b>[0m
     test_estSpaceUse.R............ 9 tests <1b>[0;32mOK<1b>[0m
     test_estSpaceUse.R............ 9 tests <1b>[0;32mOK<1b>[0m NOTE: projection is data specific
    
     test_estSpaceUse.R............ 9 tests <1b>[0;32mOK<1b>[0m
     test_estSpaceUse.R............ 10 tests <1b>[0;32mOK<1b>[0m
     test_estSpaceUse.R............ 10 tests <1b>[0;32mOK<1b>[0m NOTE: projection is data specific
    
     test_estSpaceUse.R............ 10 tests <1b>[0;32mOK<1b>[0m
     test_estSpaceUse.R............ 11 tests <1b>[0;32mOK<1b>[0m <1b>[0;34m2.7s<1b>[0m
    
     test_findScale.R.............. 0 tests
     test_findScale.R.............. 0 tests
     test_findScale.R.............. 0 tests
     Attaching package: 'dplyr'
    
     The following objects are masked from 'package:stats':
    
     filter, lag
    
     The following objects are masked from 'package:base':
    
     intersect, setdiff, setequal, union
    
    
     test_findScale.R.............. 0 tests
     test_findScale.R.............. 0 tests
     test_findScale.R.............. 1 tests <1b>[0;32mOK<1b>[0m
     test_findScale.R.............. 1 tests <1b>[0;32mOK<1b>[0m track A01 starts out on trip
    
     test_findScale.R.............. 1 tests <1b>[0;32mOK<1b>[0m
     test_findScale.R.............. 1 tests <1b>[0;32mOK<1b>[0m
     test_findScale.R.............. 1 tests <1b>[0;32mOK<1b>[0m NOTE: projection is data specific
    
     test_findScale.R.............. 1 tests <1b>[0;32mOK<1b>[0m
     test_findScale.R.............. 2 tests <1b>[0;32mOK<1b>[0m
     test_findScale.R.............. 3 tests <1b>[0;32mOK<1b>[0m As no 'sumTrips' was supplied, the foraging range and mag, cannot be
     calculated.
     No 'res' was specified. Movement scale in the data was compared
     to a 500-cell grid with cell size of 0.011 km squared.
    
     test_findScale.R.............. 4 tests <1b>[0;32mOK<1b>[0m As no 'sumTrips' was supplied, the foraging range and mag, cannot be
     calculated.
     No 'res' was specified. Movement scale in the data was compared
     to a 500-cell grid with cell size of 0.011 km squared.
    
     test_findScale.R.............. 5 tests <1b>[0;32mOK<1b>[0m No 'res' was specified. Movement scale in the data was compared
     to a 500-cell grid with cell size of 0.011 km squared.
    
     test_findScale.R.............. 6 tests <1b>[0;32mOK<1b>[0m No 'res' was specified. Movement scale in the data was compared
     to a 500-cell grid with cell size of 0.011 km squared.
    
     test_findScale.R.............. 7 tests <1b>[0;32mOK<1b>[0m
     test_findScale.R.............. 7 tests <1b>[0;32mOK<1b>[0m
     test_findScale.R.............. 7 tests <1b>[0;32mOK<1b>[0m No 'res' was specified. Movement scale in the data was compared
     to a 500-cell grid with cell size of 0.011 km squared.
     No 'res' was specified. Movement scale in the data was compared
     to a 500-cell grid with cell size of 0.011 km squared.
    
     test_findScale.R.............. 8 tests <1b>[0;32mOK<1b>[0m
     test_findScale.R.............. 9 tests <1b>[0;32mOK<1b>[0m As no 'sumTrips' was supplied, the foraging range and mag, cannot be
     calculated.
     No 'res' was specified. Movement scale in the data was compared
     to a 500-cell grid with cell size of 0.011 km squared.
    
     test_findScale.R.............. 10 tests <1b>[0;32mOK<1b>[0m As no 'sumTrips' was supplied, the foraging range and mag, cannot be
     calculated.
     No 'res' was specified. Movement scale in the data was compared
     to a 500-cell grid with cell size of 0.011 km squared.
    
     test_findScale.R.............. 11 tests <1b>[0;32mOK<1b>[0m
     test_findScale.R.............. 11 tests <1b>[0;32mOK<1b>[0m No 'res' was specified. Movement scale in the data was compared
     to a 500-cell grid with cell size of 0.011 km squared.
    
     test_findScale.R.............. 12 tests <1b>[0;32mOK<1b>[0m
     test_findScale.R.............. 12 tests <1b>[0;32mOK<1b>[0m No 'res' was specified. Movement scale in the data was compared
     to a 500-cell grid with cell size of 0.011 km squared.
    
     test_findScale.R.............. 13 tests <1b>[0;32mOK<1b>[0m
     test_findScale.R.............. 13 tests <1b>[0;32mOK<1b>[0m
     test_findScale.R.............. 13 tests <1b>[0;32mOK<1b>[0m
     test_findScale.R.............. 14 tests <1b>[0;32mOK<1b>[0m
     test_findScale.R.............. 14 tests <1b>[0;32mOK<1b>[0m As no 'sumTrips' was supplied, the foraging range and mag, cannot be
     calculated.
     No 'res' was specified. Movement scale in the data was compared
     to a 500-cell grid with cell size of 0.011 km squared.
     As no 'sumTrips' was supplied, the foraging range and mag, cannot be
     calculated.
     No 'res' was specified. Movement scale in the data was compared
     to a 500-cell grid with cell size of 0.011 km squared.
    
     test_findScale.R.............. 15 tests <1b>[0;32mOK<1b>[0m
     test_findScale.R.............. 15 tests <1b>[0;32mOK<1b>[0m track A01 starts out on trip
    
     test_findScale.R.............. 15 tests <1b>[0;32mOK<1b>[0m
     test_findScale.R.............. 15 tests <1b>[0;32mOK<1b>[0m NOTE: projection is data specific
    
     test_findScale.R.............. 15 tests <1b>[0;32mOK<1b>[0m No 'res' was specified. Movement scale in the data was compared
     to a 500-cell grid with cell size of 0.245 km squared.
     The average step length in your data is greater than 20km. Data at
     this resolution are likely inappropriate for identifying
     Area-Restricted Search behavior. Consider using another scale parameter
     (e.g. href).
    
     test_findScale.R.............. 16 tests <1b>[0;32mOK<1b>[0m <1b>[0;34m1.6s<1b>[0m
    
     test_findSite.R............... 0 tests
     test_findSite.R............... 0 tests NOTE: projection is data specific
    
     test_findSite.R............... 0 tests
     test_findSite.R............... 0 tests
     test_findSite.R............... 1 tests <1b>[0;32mOK<1b>[0m
     test_findSite.R............... 2 tests <1b>[0;32mOK<1b>[0m
     test_findSite.R............... 3 tests <1b>[0;32mOK<1b>[0m
     test_findSite.R............... 4 tests <1b>[0;32mOK<1b>[0m
     test_findSite.R............... 5 tests <1b>[0;32mOK<1b>[0m
     test_findSite.R............... 6 tests <1b>[0;32mOK<1b>[0m
     test_findSite.R............... 7 tests <1b>[0;32mOK<1b>[0m
     test_findSite.R............... 8 tests <1b>[0;32mOK<1b>[0m
     test_findSite.R............... 9 tests <1b>[0;32mOK<1b>[0m <1b>[0;34m1.7s<1b>[0m
    
     test_formatFields.R........... 0 tests
     test_formatFields.R........... 0 tests
     test_formatFields.R........... 0 tests
     test_formatFields.R........... 1 tests <1b>[0;32mOK<1b>[0m
     test_formatFields.R........... 2 tests <1b>[0;32mOK<1b>[0m
     test_formatFields.R........... 3 tests <1b>[0;32mOK<1b>[0m
     test_formatFields.R........... 4 tests <1b>[0;32mOK<1b>[0m
     test_formatFields.R........... 5 tests <1b>[0;32mOK<1b>[0m
     test_formatFields.R........... 6 tests <1b>[0;32mOK<1b>[0m Column supplied to 'fieldDateTime' is not of class POSIXct, the function
     will attempt to convert it.
    
     test_formatFields.R........... 7 tests <1b>[0;32mOK<1b>[0m Column supplied to 'fieldDateTime' is not of class POSIXct, the function
     will attempt to convert it.
    
     test_formatFields.R........... 8 tests <1b>[0;32mOK<1b>[0m
     test_formatFields.R........... 8 tests <1b>[0;32mOK<1b>[0m No fieldID specified, so the pre-existing column named 'ID' used.
     If another field desired as IDentifier, specify in fieldID argument.
     Column supplied to 'fieldDateTime' is not of class POSIXct, the function
     will attempt to convert it.
    
     test_formatFields.R........... 9 tests <1b>[0;32mOK<1b>[0m
     test_formatFields.R........... 9 tests <1b>[0;32mOK<1b>[0m
     test_formatFields.R........... 10 tests <1b>[0;32mOK<1b>[0m
     test_formatFields.R........... 11 tests <1b>[0;32mOK<1b>[0m
     test_formatFields.R........... 12 tests <1b>[0;32mOK<1b>[0m
     test_formatFields.R........... 13 tests <1b>[0;32mOK<1b>[0m
     test_formatFields.R........... 14 tests <1b>[0;32mOK<1b>[0m
     test_formatFields.R........... 15 tests <1b>[0;32mOK<1b>[0m
     test_formatFields.R........... 15 tests <1b>[0;32mOK<1b>[0m NOTE: as fieldID != 'ID' and a column of this name is present,
     this column has been renamed to 'origID' and ID corresponds to the
     fieldID specified.
    
     test_formatFields.R........... 16 tests <1b>[0;32mOK<1b>[0m NOTE: as fieldID != 'ID' and a column of this name is present,
     this column has been renamed to 'origID' and ID corresponds to the
     fieldID specified.
    
     test_formatFields.R........... 17 tests <1b>[0;32mOK<1b>[0m
     test_formatFields.R........... 17 tests <1b>[0;32mOK<1b>[0m
     test_formatFields.R........... 17 tests <1b>[0;32mOK<1b>[0m
     test_formatFields.R........... 17 tests <1b>[0;32mOK<1b>[0m No format supplied for Date and Time fields, a default format ('ymd_HMS')
     attempted when combining the fields. If error produced, see help page
     ('?lubridate::parse_date_time') for information on date formats.
    
     test_formatFields.R........... 18 tests <1b>[0;31m1 fails<1b>[0m
     test_formatFields.R........... 19 tests <1b>[0;31m2 fails<1b>[0m Only a Date column (fieldDate) supplied, this will be used to create the
     DateTime column. If you have a Time column, indicate it in the 'fieldTime'
     argument.
     No format supplied for the Date field, default ('ymd') attempted.
     If warning that 'no formats are found' produced, see help page
     ('?lubridate::parse_date_time') for information on Date formats.
    
     test_formatFields.R........... 20 tests <1b>[0;31m2 fails<1b>[0m Only a Date column (fieldDate) supplied, this will be used to create the
     DateTime column. If you have a Time column, indicate it in the 'fieldTime'
     argument.
    
     test_formatFields.R........... 21 tests <1b>[0;31m2 fails<1b>[0m
     test_formatFields.R........... 21 tests <1b>[0;31m2 fails<1b>[0m NOTE: as fieldID != 'ID' and a column of this name is present,
     this column has been renamed to 'origID' and ID corresponds to the
     fieldID specified.
    
     test_formatFields.R........... 22 tests <1b>[0;31m2 fails<1b>[0m <1b>[0;34m0.4s<1b>[0m
    
     test_indEffectTest.R.......... 0 tests
     test_indEffectTest.R.......... 0 tests
     test_indEffectTest.R.......... 0 tests
     test_indEffectTest.R.......... 0 tests WARNING:dataset may contain duplicated data, this will affect trip-splitting
     track A01 starts out on trip
    
     test_indEffectTest.R.......... 0 tests NOTE: projection is data specific
    
     test_indEffectTest.R.......... 0 tests
     test_indEffectTest.R.......... 1 tests <1b>[0;32mOK<1b>[0m <1b>[0;34m5.1s<1b>[0m
    
     test_mapKDE.R................. 0 tests
     test_mapKDE.R................. 0 tests
     test_mapKDE.R................. 0 tests
     test_mapKDE.R................. 0 tests NOTE: projection is data specific
    
     test_mapKDE.R................. 0 tests No grid resolution ('res') was specified, or the specified resolution was
     >99 km and therefore ignored. Space use was calculated on a 500-cell grid,
     with cells of 0.411 square km
    
     test_mapKDE.R................. 0 tests
     test_mapKDE.R................. 1 tests <1b>[0;32mOK<1b>[0m No grid resolution ('res') was specified, or the specified resolution was
     >99 km and therefore ignored. Space use was calculated on a 500-cell grid,
     with cells of 0.411 square km
    
     test_mapKDE.R................. 1 tests <1b>[0;32mOK<1b>[0m
     test_mapKDE.R................. 2 tests <1b>[0;32mOK<1b>[0m
     test_mapKDE.R................. 3 tests <1b>[0;32mOK<1b>[0m
     test_mapKDE.R................. 4 tests <1b>[0;32mOK<1b>[0m
     test_mapKDE.R................. 5 tests <1b>[0;32mOK<1b>[0m <1b>[0;34m7.0s<1b>[0m
    
     test_mapSite.R................ 0 tests
     test_mapSite.R................ 0 tests
     test_mapSite.R................ 0 tests NOTE: projection is data specific
    
     test_mapSite.R................ 0 tests
     test_mapSite.R................ 0 tests
     test_mapSite.R................ 0 tests
     test_mapSite.R................ 1 tests <1b>[0;32mOK<1b>[0m
     test_mapSite.R................ 2 tests <1b>[0;32mOK<1b>[0m
     test_mapSite.R................ 3 tests <1b>[0;32mOK<1b>[0m
     test_mapSite.R................ 4 tests <1b>[0;32mOK<1b>[0m
     test_mapSite.R................ 4 tests <1b>[0;32mOK<1b>[0m
     test_mapSite.R................ 5 tests <1b>[0;32mOK<1b>[0m
     test_mapSite.R................ 6 tests <1b>[0;32mOK<1b>[0m
     test_mapSite.R................ 7 tests <1b>[0;32mOK<1b>[0m No value for population size provided. Output for N_animals is in % of pop
     size
    
     test_mapSite.R................ 7 tests <1b>[0;32mOK<1b>[0m
     test_mapSite.R................ 8 tests <1b>[0;32mOK<1b>[0m <1b>[0;34m5.4s<1b>[0m
    
     test_mapTrips.R............... 0 tests
     test_mapTrips.R............... 0 tests
     test_mapTrips.R............... 0 tests No duration specified, trips splitting will be done using only innerBuff and
     returnBuff.
     track A01 starts out on trip
     track B01 starts out on trip
    
     test_mapTrips.R............... 0 tests
     test_mapTrips.R............... 1 tests <1b>[0;32mOK<1b>[0m
     test_mapTrips.R............... 2 tests <1b>[0;32mOK<1b>[0m
     test_mapTrips.R............... 3 tests <1b>[0;32mOK<1b>[0m
     test_mapTrips.R............... 4 tests <1b>[0;32mOK<1b>[0m Trips colored by completeness. Indicate colorBy=='trip' to color by
     trips.
    
     test_mapTrips.R............... 5 tests <1b>[0;32mOK<1b>[0m
     test_mapTrips.R............... 5 tests <1b>[0;32mOK<1b>[0m
     test_mapTrips.R............... 5 tests <1b>[0;32mOK<1b>[0m No duration specified, trips splitting will be done using only innerBuff and
     returnBuff.
     Error in if (steptime[k] > gapLimit) { :
     missing value where TRUE/FALSE needed
     Calls: <Anonymous> ... lapply -> FUN -> eval -> eval -> tripSplit -> splitSingleID
     In addition: There were 50 or more warnings (use warnings() to see the first 50)
     Execution halted
Flavor: r-devel-windows-x86_64