CRAN Package Check Results for Package tpfp

Last updated on 2024-05-24 12:58:20 CEST.

Flavor Version Tinstall Tcheck Ttotal Status Flags
r-devel-linux-x86_64-debian-clang 0.0.1 2.82 33.54 36.36 OK
r-devel-linux-x86_64-debian-gcc 0.0.1 2.06 25.28 27.34 OK
r-devel-linux-x86_64-fedora-clang 0.0.1 46.26 NOTE
r-devel-linux-x86_64-fedora-gcc 0.0.1 56.76 NOTE
r-devel-windows-x86_64 0.0.1 4.00 53.00 57.00 OK
r-patched-linux-x86_64 0.0.1 2.31 32.14 34.45 OK
r-release-linux-x86_64 0.0.1 1.62 31.40 33.02 OK
r-release-macos-arm64 0.0.1 25.00 OK
r-release-windows-x86_64 0.0.1 4.00 54.00 58.00 OK
r-oldrel-macos-arm64 0.0.1 25.00 OK
r-oldrel-macos-x86_64 0.0.1 32.00 OK
r-oldrel-windows-x86_64 0.0.1 4.00 51.00 55.00 OK

Check Details

Version: 0.0.1
Check: dependencies in R code
Result: NOTE Namespace in Imports field not imported from: ‘knitr’ All declared Imports should be used. Flavors: r-devel-linux-x86_64-fedora-clang, r-devel-linux-x86_64-fedora-gcc