CRAN Package Check Results for Package touchard

Last updated on 2022-06-26 12:55:00 CEST.

Flavor Version Tinstall Tcheck Ttotal Status Flags
r-devel-linux-x86_64-debian-clang 2.0.1 3.85 47.02 50.87 OK
r-devel-linux-x86_64-debian-gcc 2.0.1 3.50 35.07 38.57 OK
r-devel-linux-x86_64-fedora-clang 2.0.1 70.51 NOTE
r-devel-linux-x86_64-fedora-gcc 2.0.1 69.93 OK
r-devel-windows-x86_64 2.0.1 33.00 71.00 104.00 OK
r-patched-linux-x86_64 2.0.1 3.85 44.09 47.94 OK
r-release-linux-x86_64 2.0.1 4.47 44.60 49.07 OK
r-release-macos-arm64 2.0.1 20.00 OK
r-release-macos-x86_64 2.0.1 28.00 OK
r-release-windows-x86_64 2.0.1 33.00 67.00 100.00 OK
r-oldrel-macos-arm64 2.0.1 26.00 OK
r-oldrel-macos-x86_64 2.0.1 35.00 OK
r-oldrel-windows-ix86+x86_64 2.0.1 9.00 65.00 74.00 OK

Check Details

Version: 2.0.1
Check: Rd cross-references
Result: NOTE
    Undeclared package ‘vcd’ in Rd xrefs
Flavor: r-devel-linux-x86_64-fedora-clang