CRAN Package Check Results for Package tosca

Last updated on 2021-11-26 19:53:08 CET.

Flavor Version Tinstall Tcheck Ttotal Status Flags
r-devel-linux-x86_64-debian-clang 0.3-2 11.89 100.25 112.14 NOTE
r-devel-linux-x86_64-debian-gcc 0.3-2 8.61 74.14 82.75 NOTE
r-devel-linux-x86_64-fedora-clang 0.3-2 142.75 NOTE
r-devel-linux-x86_64-fedora-gcc 0.3-2 127.08 NOTE
r-devel-windows-x86_64-new-UL 0.3-2 26.00 184.00 210.00 NOTE
r-devel-windows-x86_64-new-TK 0.3-2 NOTE
r-devel-windows-x86_64-old 0.3-2 11.00 154.00 165.00 NOTE
r-patched-linux-x86_64 0.3-2 14.10 94.93 109.03 NOTE
r-patched-solaris-x86 0.3-2 161.30 NOTE
r-release-linux-x86_64 0.3-2 NOTE
r-release-macos-arm64 0.3-2 NOTE
r-release-macos-x86_64 0.3-2 NOTE
r-release-windows-ix86+x86_64 0.3-2 19.00 112.00 131.00 NOTE
r-oldrel-macos-x86_64 0.3-2 NOTE
r-oldrel-windows-ix86+x86_64 0.3-2 14.00 155.00 169.00 NOTE

Check Details

Version: 0.3-2
Check: package dependencies
Result: NOTE
    Package suggested but not available for checking: 'toscaData'
Flavors: r-devel-linux-x86_64-debian-clang, r-devel-linux-x86_64-debian-gcc, r-devel-linux-x86_64-fedora-clang, r-devel-linux-x86_64-fedora-gcc, r-devel-windows-x86_64-new-UL, r-devel-windows-x86_64-new-TK, r-devel-windows-x86_64-old, r-patched-linux-x86_64, r-patched-solaris-x86, r-release-linux-x86_64, r-release-macos-arm64, r-release-macos-x86_64, r-release-windows-ix86+x86_64, r-oldrel-macos-x86_64, r-oldrel-windows-ix86+x86_64