CRAN Package Check Results for Package tokenizers.bpe

Last updated on 2024-02-22 06:51:56 CET.

Flavor Version Tinstall Tcheck Ttotal Status Flags
r-devel-linux-x86_64-debian-clang 0.1.3 OK
r-devel-linux-x86_64-debian-gcc 0.1.3 110.99 23.77 134.76 OK
r-devel-linux-x86_64-fedora-clang 0.1.3 252.61 OK
r-devel-linux-x86_64-fedora-gcc 0.1.3 262.60 OK
r-devel-windows-x86_64 0.1.3 97.00 69.00 166.00 OK
r-patched-linux-x86_64 0.1.3 130.93 29.89 160.82 OK
r-release-linux-x86_64 0.1.3 143.62 30.17 173.79 OK
r-release-macos-arm64 0.1.3 58.00 NOTE
r-release-macos-x86_64 0.1.3 94.00 NOTE
r-release-windows-x86_64 0.1.3 88.00 78.00 166.00 OK
r-oldrel-macos-arm64 0.1.3 68.00 NOTE
r-oldrel-windows-x86_64 0.1.3 111.00 77.00 188.00 OK

Check Details

Version: 0.1.3
Check: installed package size
Result: NOTE installed size is 6.1Mb sub-directories of 1Mb or more: libs 5.1Mb Flavors: r-release-macos-arm64, r-release-macos-x86_64, r-oldrel-macos-arm64