CRAN Package Check Results for Package togglr

Last updated on 2021-08-05 01:49:55 CEST.

Flavor Version Tinstall Tcheck Ttotal Status Flags
r-devel-linux-x86_64-debian-clang 0.1.33 5.96 55.93 61.89 NOTE
r-devel-linux-x86_64-debian-gcc 0.1.33 4.94 42.20 47.14 NOTE
r-devel-linux-x86_64-fedora-clang 0.1.33 82.69 NOTE
r-devel-linux-x86_64-fedora-gcc 0.1.33 70.85 NOTE
r-devel-windows-x86_64 0.1.33 8.00 86.00 94.00 NOTE
r-devel-windows-x86_64-gcc10-UCRT 0.1.33 NOTE
r-patched-linux-x86_64 0.1.33 6.88 51.98 58.86 NOTE
r-patched-solaris-x86 0.1.33 102.00 NOTE
r-release-linux-x86_64 0.1.33 6.07 52.71 58.78 NOTE
r-release-macos-arm64 0.1.33 NOTE
r-release-macos-x86_64 0.1.33 NOTE
r-release-windows-ix86+x86_64 0.1.33 15.00 61.00 76.00 NOTE
r-oldrel-macos-x86_64 0.1.33 OK
r-oldrel-windows-ix86+x86_64 0.1.33 35.00 73.00 108.00 OK

Check Details

Version: 0.1.33
Check: LazyData
Result: NOTE
     'LazyData' is specified without a 'data' directory
Flavors: r-devel-linux-x86_64-debian-clang, r-devel-linux-x86_64-debian-gcc, r-devel-linux-x86_64-fedora-clang, r-devel-linux-x86_64-fedora-gcc, r-devel-windows-x86_64, r-devel-windows-x86_64-gcc10-UCRT, r-patched-linux-x86_64, r-patched-solaris-x86, r-release-linux-x86_64, r-release-macos-arm64, r-release-macos-x86_64, r-release-windows-ix86+x86_64