Last updated on 2023-03-30 12:55:34 CEST.
Flavor | Version | Tinstall | Tcheck | Ttotal | Status | Flags |
---|---|---|---|---|---|---|
r-devel-linux-x86_64-debian-clang | 0.2-13 | 4.42 | 28.27 | 32.69 | OK | |
r-devel-linux-x86_64-debian-gcc | 0.2-13 | 3.26 | 22.49 | 25.75 | OK | |
r-devel-linux-x86_64-fedora-clang | 0.2-13 | 41.96 | NOTE | |||
r-devel-linux-x86_64-fedora-gcc | 0.2-13 | 40.49 | NOTE | |||
r-patched-linux-x86_64 | 0.2-13 | 4.41 | 27.68 | 32.09 | OK | |
r-release-linux-x86_64 | 0.2-13 | 3.19 | 28.22 | 31.41 | OK | |
r-release-macos-arm64 | 0.2-13 | 17.00 | NOTE | |||
r-release-macos-x86_64 | 0.2-13 | 29.00 | NOTE | |||
r-release-windows-x86_64 | 0.2-13 | 34.00 | 67.00 | 101.00 | OK | |
r-oldrel-macos-arm64 | 0.2-13 | 26.00 | NOTE | |||
r-oldrel-macos-x86_64 | 0.2-13 | 35.00 | NOTE | |||
r-oldrel-windows-ix86+x86_64 | 0.2-13 | 13.00 | 73.00 | 86.00 | OK |
Version: 0.2-13
Check: data for non-ASCII characters
Result: NOTE
Note: found 134043 marked UTF-8 strings
Flavors: r-devel-linux-x86_64-fedora-clang, r-devel-linux-x86_64-fedora-gcc, r-release-macos-arm64, r-release-macos-x86_64, r-oldrel-macos-arm64, r-oldrel-macos-x86_64