CRAN Package Check Results for Package tmbstan

Last updated on 2024-02-29 00:55:57 CET.

Flavor Version Tinstall Tcheck Ttotal Status Flags
r-devel-linux-x86_64-debian-clang 1.0.91 146.84 179.72 326.56 NOTE
r-devel-linux-x86_64-debian-gcc 1.0.91 136.86 141.85 278.71 NOTE
r-devel-linux-x86_64-fedora-clang 1.0.91 404.41 NOTE
r-devel-linux-x86_64-fedora-gcc 1.0.91 486.26 NOTE
r-devel-windows-x86_64 1.0.91 119.00 154.00 273.00 NOTE
r-patched-linux-x86_64 1.0.91 136.63 184.99 321.62 NOTE
r-release-linux-x86_64 1.0.91 122.22 186.34 308.56 NOTE
r-release-macos-arm64 1.0.91 84.00 NOTE
r-release-macos-x86_64 1.0.91 214.00 NOTE
r-release-windows-x86_64 1.0.91 146.00 184.00 330.00 NOTE
r-oldrel-macos-arm64 1.0.91 83.00 NOTE
r-oldrel-windows-x86_64 1.0.91 133.00 176.00 309.00 NOTE

Check Details

Version: 1.0.91
Check: for GNU extensions in Makefiles
Result: NOTE GNU make is a SystemRequirements. Flavors: r-devel-linux-x86_64-debian-clang, r-devel-linux-x86_64-debian-gcc, r-devel-linux-x86_64-fedora-clang, r-devel-linux-x86_64-fedora-gcc, r-devel-windows-x86_64, r-patched-linux-x86_64, r-release-linux-x86_64, r-release-macos-arm64, r-release-macos-x86_64, r-release-windows-x86_64, r-oldrel-macos-arm64, r-oldrel-windows-x86_64

Version: 1.0.91
Check: installed package size
Result: NOTE installed size is 29.1Mb sub-directories of 1Mb or more: libs 28.8Mb Flavors: r-release-macos-arm64, r-release-macos-x86_64, r-oldrel-macos-arm64