CRAN Package Check Results for Package tm1r

Last updated on 2021-08-01 07:52:09 CEST.

Flavor Version Tinstall Tcheck Ttotal Status Flags
r-devel-linux-x86_64-debian-clang 1.1.8 2.93 27.98 30.91 NOTE
r-devel-linux-x86_64-debian-gcc 1.1.8 2.75 21.37 24.12 NOTE
r-devel-linux-x86_64-fedora-clang 1.1.8 46.54 NOTE
r-devel-linux-x86_64-fedora-gcc 1.1.8 35.22 NOTE
r-devel-windows-x86_64 1.1.8 5.00 45.00 50.00 NOTE
r-devel-windows-x86_64-gcc10-UCRT 1.1.8 NOTE
r-patched-linux-x86_64 1.1.8 NOTE
r-patched-solaris-x86 1.1.8 51.80 NOTE
r-release-linux-x86_64 1.1.8 3.18 26.65 29.83 NOTE
r-release-macos-arm64 1.1.8 NOTE
r-release-macos-x86_64 1.1.8 NOTE
r-release-windows-ix86+x86_64 1.1.8 7.00 33.00 40.00 NOTE
r-oldrel-macos-x86_64 1.1.8 OK
r-oldrel-windows-ix86+x86_64 1.1.8 5.00 45.00 50.00 OK

Check Details

Version: 1.1.8
Check: LazyData
Result: NOTE
     'LazyData' is specified without a 'data' directory
Flavors: r-devel-linux-x86_64-debian-clang, r-devel-linux-x86_64-debian-gcc, r-devel-linux-x86_64-fedora-clang, r-devel-linux-x86_64-fedora-gcc, r-devel-windows-x86_64, r-devel-windows-x86_64-gcc10-UCRT, r-patched-linux-x86_64, r-patched-solaris-x86, r-release-linux-x86_64, r-release-macos-arm64, r-release-macos-x86_64, r-release-windows-ix86+x86_64