CRAN Package Check Results for Package tinyspotifyr

Last updated on 2021-08-02 22:54:53 CEST.

Flavor Version Tinstall Tcheck Ttotal Status Flags
r-devel-linux-x86_64-debian-clang 0.2.2 3.80 31.70 35.50 NOTE
r-devel-linux-x86_64-debian-gcc 0.2.2 2.74 25.06 27.80 NOTE
r-devel-linux-x86_64-fedora-clang 0.2.2 51.22 NOTE
r-devel-linux-x86_64-fedora-gcc 0.2.2 40.84 NOTE
r-devel-windows-x86_64 0.2.2 4.00 50.00 54.00 NOTE
r-devel-windows-x86_64-gcc10-UCRT 0.2.2 NOTE
r-patched-linux-x86_64 0.2.2 NOTE
r-patched-solaris-x86 0.2.2 59.40 NOTE
r-release-linux-x86_64 0.2.2 3.55 30.34 33.89 NOTE
r-release-macos-arm64 0.2.2 NOTE
r-release-macos-x86_64 0.2.2 NOTE
r-release-windows-ix86+x86_64 0.2.2 8.00 34.00 42.00 NOTE
r-oldrel-macos-x86_64 0.2.2 OK
r-oldrel-windows-ix86+x86_64 0.2.2 5.00 49.00 54.00 OK

Check Details

Version: 0.2.2
Check: LazyData
Result: NOTE
     'LazyData' is specified without a 'data' directory
Flavors: r-devel-linux-x86_64-debian-clang, r-devel-linux-x86_64-debian-gcc, r-devel-linux-x86_64-fedora-clang, r-devel-linux-x86_64-fedora-gcc, r-devel-windows-x86_64, r-devel-windows-x86_64-gcc10-UCRT, r-patched-linux-x86_64, r-patched-solaris-x86, r-release-linux-x86_64, r-release-macos-arm64, r-release-macos-x86_64, r-release-windows-ix86+x86_64