CRAN Package Check Results for Package tinyarray

Last updated on 2023-02-03 06:50:36 CET.

Flavor Version Tinstall Tcheck Ttotal Status Flags
r-devel-linux-x86_64-debian-clang 2.2.7 41.60 358.41 400.01 OK
r-devel-linux-x86_64-debian-gcc 2.2.7 33.61 263.26 296.87 OK
r-devel-linux-x86_64-fedora-clang 2.2.7 482.61 NOTE
r-devel-linux-x86_64-fedora-gcc 2.2.7 463.96 NOTE
r-patched-linux-x86_64 2.2.7 37.38 327.81 365.19 OK
r-release-linux-x86_64 2.2.7 37.11 302.31 339.42 OK
r-release-macos-arm64 2.2.7 122.00 NOTE
r-release-macos-x86_64 2.2.7 206.00 NOTE
r-release-windows-x86_64 2.2.7 65.00 405.00 470.00 OK
r-oldrel-macos-arm64 2.2.7 90.00 NOTE
r-oldrel-macos-x86_64 2.2.7 151.00 NOTE
r-oldrel-windows-ix86+x86_64 2.2.7 86.00 382.00 468.00 OK

Check Details

Version: 2.2.7
Check: data for non-ASCII characters
Result: NOTE
     Note: found 2 marked UTF-8 strings
Flavors: r-devel-linux-x86_64-fedora-clang, r-devel-linux-x86_64-fedora-gcc, r-release-macos-arm64, r-release-macos-x86_64, r-oldrel-macos-arm64, r-oldrel-macos-x86_64