CRAN Package Check Results for Package timevis

Last updated on 2022-12-10 00:50:08 CET.

Flavor Version Tinstall Tcheck Ttotal Status Flags
r-devel-linux-x86_64-debian-clang 2.1.0 3.79 43.63 47.42 OK
r-devel-linux-x86_64-debian-gcc 2.1.0 2.82 34.81 37.63 OK
r-devel-linux-x86_64-fedora-clang 2.1.0 70.24 OK
r-devel-linux-x86_64-fedora-gcc 2.1.0 67.83 OK
r-devel-windows-x86_64 2.1.0 26.00 78.00 104.00 OK
r-patched-linux-x86_64 2.1.0 4.41 41.91 46.32 OK
r-release-linux-x86_64 2.1.0 3.69 41.02 44.71 OK
r-release-macos-arm64 2.1.0 26.00 ERROR
r-release-macos-x86_64 2.1.0 34.00 ERROR
r-release-windows-x86_64 2.1.0 8.00 76.00 84.00 OK
r-oldrel-macos-arm64 2.1.0 29.00 WARN
r-oldrel-macos-x86_64 2.1.0 36.00 WARN
r-oldrel-windows-ix86+x86_64 2.1.0 17.00 76.00 93.00 WARN

Check Details

Version: 2.1.0
Check: PDF version of manual
Result: WARN
    LaTeX errors when creating PDF version.
    This typically indicates Rd problems.
    LaTeX errors found:
    ! Illegal parameter number in definition of \Hy@tempa.
    <to be read again>
     D
    l.967 visjs documentation}}
     .
    ! Illegal parameter number in definition of \Hy@tempa.
    <to be read again>
     D
    l.967 visjs documentation}}
     .
    ! Illegal parameter number in definition of \Hy@tempa.
    <to be read again>
     D
    l.967 visjs documentation}}
     .
    ! Illegal parameter number in definition of \Hy@tempa.
    <to be read again>
     g
    l.1023 visjs documentation}}
     .
    ! Illegal parameter number in definition of \Hy@tempa.
    <to be read again>
     g
    l.1023 visjs documentation}}
     .
    ! Illegal parameter number in definition of \Hy@tempa.
    <to be read again>
     g
    l.1023 visjs documentation}}
     .
Flavors: r-release-macos-arm64, r-release-macos-x86_64

Version: 2.1.0
Check: PDF version of manual without index
Result: ERROR
Flavors: r-release-macos-arm64, r-release-macos-x86_64

Version: 2.1.0
Check: PDF version of manual
Result: WARN
    LaTeX errors when creating PDF version.
    This typically indicates Rd problems.
    LaTeX errors found:
    ! Illegal parameter number in definition of \Hy@tempa.
    <to be read again>
     D
    l.965 visjs documentation}}
     .
    ! Illegal parameter number in definition of \Hy@tempa.
    <to be read again>
     D
    l.965 visjs documentation}}
     .
    ! Illegal parameter number in definition of \Hy@tempa.
    <to be read again>
     D
    l.965 visjs documentation}}
     .
    ! Illegal parameter number in definition of \Hy@tempa.
    <to be read again>
     g
    l.1021 visjs documentation}}
     .
    ! Illegal parameter number in definition of \Hy@tempa.
    <to be read again>
     g
    l.1021 visjs documentation}}
     .
    ! Illegal parameter number in definition of \Hy@tempa.
    <to be read again>
     g
    l.1021 visjs documentation}}
     .
Flavors: r-oldrel-macos-arm64, r-oldrel-macos-x86_64, r-oldrel-windows-ix86+x86_64