CRAN Package Check Results for Package tigris

Last updated on 2021-06-23 07:50:37 CEST.

Flavor Version Tinstall Tcheck Ttotal Status Flags
r-devel-linux-x86_64-debian-clang 1.4.1 10.45 88.16 98.61 OK
r-devel-linux-x86_64-debian-gcc 1.4.1 7.84 66.05 73.89 OK
r-devel-linux-x86_64-fedora-clang 1.4.1 130.28 OK
r-devel-linux-x86_64-fedora-gcc 1.4.1 115.24 OK
r-devel-windows-x86_64 1.4.1 20.00 136.00 156.00 OK
r-devel-windows-x86_64-gcc10-UCRT 1.4.1 ERROR
r-patched-linux-x86_64 1.4.1 9.57 82.70 92.27 OK
r-patched-solaris-x86 1.4.1 172.60 OK
r-release-linux-x86_64 1.4.1 9.34 84.73 94.07 OK
r-release-macos-arm64 1.4 NOTE
r-release-macos-x86_64 1.4.1 OK
r-release-windows-ix86+x86_64 1.4.1 53.00 158.00 211.00 OK
r-oldrel-macos-x86_64 1.4.1 OK
r-oldrel-windows-ix86+x86_64 1.4.1 83.00 142.00 225.00 OK

Check Details

Version: 1.4.1
Check: package dependencies
Result: ERROR
    Package required but not available: 'httr'
    
    Package suggested but not available for checking: 'tidycensus'
    
    See section 'The DESCRIPTION file' in the 'Writing R Extensions'
    manual.
Flavor: r-devel-windows-x86_64-gcc10-UCRT

Version: 1.4
Check: package dependencies
Result: NOTE
    Package suggested but not available for checking: ‘tidycensus’
Flavor: r-release-macos-arm64