CRAN Package Check Results for Package tidysq

Last updated on 2024-02-24 12:49:33 CET.

Flavor Version Tinstall Tcheck Ttotal Status Flags
r-devel-linux-x86_64-debian-clang 1.1.3 532.78 105.18 637.96 NOTE
r-devel-linux-x86_64-debian-gcc 1.1.3 383.60 80.74 464.34 NOTE
r-devel-linux-x86_64-fedora-clang 1.1.3 784.85 OK
r-devel-linux-x86_64-fedora-gcc 1.1.3 837.27 OK
r-devel-windows-x86_64 1.1.3 324.00 144.00 468.00 OK
r-patched-linux-x86_64 1.1.3 327.61 99.74 427.35 OK
r-release-linux-x86_64 1.1.3 333.57 100.08 433.65 OK
r-release-macos-arm64 1.1.3 267.00 NOTE
r-release-macos-x86_64 1.1.3 464.00 NOTE
r-release-windows-x86_64 1.1.3 424.00 174.00 598.00 OK
r-oldrel-macos-arm64 1.1.3 240.00 NOTE
r-oldrel-windows-x86_64 1.1.3 397.00 159.00 556.00 OK

Check Details

Version: 1.1.3
Check: Rd files
Result: NOTE checkRd: (-1) get_tidysq_options.Rd:37: Lost braces 37 | \item tidysq_pillar_max_width [code{integer(1)}]\cr | ^ checkRd: (-1) read_fasta.Rd:54-55: Lost braces in \itemize; \value handles \item{}{} directly checkRd: (-1) read_fasta.Rd:56: Lost braces in \itemize; \value handles \item{}{} directly Flavors: r-devel-linux-x86_64-debian-clang, r-devel-linux-x86_64-debian-gcc

Version: 1.1.3
Check: installed package size
Result: NOTE installed size is 47.1Mb sub-directories of 1Mb or more: libs 46.3Mb Flavors: r-release-macos-arm64, r-release-macos-x86_64, r-oldrel-macos-arm64