Last updated on 2023-02-08 12:57:24 CET.
Flavor | Version | Tinstall | Tcheck | Ttotal | Status | Flags |
---|---|---|---|---|---|---|
r-devel-linux-x86_64-debian-clang | 1.0.2 | 7.20 | 82.89 | 90.09 | NOTE | |
r-devel-linux-x86_64-debian-gcc | 1.0.2 | 4.53 | 61.88 | 66.41 | NOTE | |
r-devel-linux-x86_64-fedora-clang | 1.0.2 | 108.09 | NOTE | |||
r-devel-linux-x86_64-fedora-gcc | 1.0.2 | 121.60 | NOTE | |||
r-devel-windows-x86_64 | 1.0.2 | 47.00 | 131.00 | 178.00 | NOTE | |
r-patched-linux-x86_64 | 1.0.2 | 7.30 | 81.56 | 88.86 | NOTE | |
r-release-linux-x86_64 | 1.0.2 | 4.86 | 86.52 | 91.38 | NOTE | |
r-release-macos-arm64 | 1.0.2 | 33.00 | NOTE | |||
r-release-macos-x86_64 | 1.0.2 | 57.00 | NOTE | |||
r-release-windows-x86_64 | 1.0.2 | 40.00 | 130.00 | 170.00 | NOTE | |
r-oldrel-macos-arm64 | 1.0.2 | 40.00 | NOTE | |||
r-oldrel-macos-x86_64 | 1.0.2 | 61.00 | NOTE | |||
r-oldrel-windows-ix86+x86_64 | 1.0.2 | 13.00 | 117.00 | 130.00 | NOTE |
Version: 1.0.2
Check: LazyData
Result: NOTE
'LazyData' is specified without a 'data' directory
Flavors: r-devel-linux-x86_64-debian-clang, r-devel-linux-x86_64-debian-gcc, r-devel-linux-x86_64-fedora-clang, r-devel-linux-x86_64-fedora-gcc, r-devel-windows-x86_64, r-patched-linux-x86_64, r-release-linux-x86_64, r-release-macos-arm64, r-release-macos-x86_64, r-release-windows-x86_64, r-oldrel-macos-arm64, r-oldrel-macos-x86_64, r-oldrel-windows-ix86+x86_64