CRAN Package Check Results for Package tidylda

Last updated on 2022-12-06 06:50:08 CET.

Flavor Version Tinstall Tcheck Ttotal Status Flags
r-devel-linux-x86_64-debian-clang 0.0.2 51.94 127.87 179.81 OK
r-devel-linux-x86_64-debian-gcc 0.0.2 42.28 93.51 135.79 OK
r-devel-linux-x86_64-fedora-clang 0.0.2 257.86 NOTE
r-devel-linux-x86_64-fedora-gcc 0.0.2 230.69 OK
r-devel-windows-x86_64 0.0.2 60.00 172.00 232.00 OK
r-patched-linux-x86_64 0.0.2 47.01 117.18 164.19 OK
r-release-linux-x86_64 0.0.2 38.13 119.63 157.76 OK
r-release-macos-arm64 0.0.2 58.00 OK
r-release-macos-x86_64 0.0.2 100.00 OK
r-release-windows-x86_64 0.0.2 62.00 163.00 225.00 OK
r-oldrel-macos-arm64 0.0.2 55.00 OK
r-oldrel-macos-x86_64 0.0.2 79.00 OK
r-oldrel-windows-ix86+x86_64 0.0.2 118.00 214.00 332.00 OK

Check Details

Version: 0.0.2
Check: Rd cross-references
Result: NOTE
    Undeclared package ‘slam’ in Rd xrefs
Flavor: r-devel-linux-x86_64-fedora-clang