CRAN Package Check Results for Package tidyfast

Last updated on 2022-06-26 00:51:50 CEST.

Flavor Version Tinstall Tcheck Ttotal Status Flags
r-devel-linux-x86_64-debian-clang 0.2.1 22.19 51.91 74.10 NOTE
r-devel-linux-x86_64-debian-gcc 0.2.1 13.53 37.61 51.14 NOTE
r-devel-linux-x86_64-fedora-clang 0.2.1 101.89 NOTE
r-devel-linux-x86_64-fedora-gcc 0.2.1 91.37 NOTE
r-devel-windows-x86_64 0.2.1 38.00 96.00 134.00 NOTE
r-patched-linux-x86_64 0.2.1 13.77 47.65 61.42 NOTE
r-release-linux-x86_64 0.2.1 15.08 48.07 63.15 NOTE
r-release-macos-arm64 0.2.1 27.00 NOTE
r-release-macos-x86_64 0.2.1 38.00 NOTE
r-release-windows-x86_64 0.2.1 58.00 94.00 152.00 NOTE
r-oldrel-macos-arm64 0.2.1 37.00 NOTE
r-oldrel-macos-x86_64 0.2.1 46.00 NOTE
r-oldrel-windows-ix86+x86_64 0.2.1 46.00 119.00 165.00 NOTE

Check Details

Version: 0.2.1
Check: LazyData
Result: NOTE
     'LazyData' is specified without a 'data' directory
Flavors: r-devel-linux-x86_64-debian-clang, r-devel-linux-x86_64-debian-gcc, r-devel-linux-x86_64-fedora-clang, r-devel-linux-x86_64-fedora-gcc, r-devel-windows-x86_64, r-patched-linux-x86_64, r-release-linux-x86_64, r-release-macos-arm64, r-release-macos-x86_64, r-release-windows-x86_64, r-oldrel-macos-arm64, r-oldrel-macos-x86_64, r-oldrel-windows-ix86+x86_64