CRAN Package Check Results for Package tidyUSDA

Last updated on 2021-06-21 01:49:38 CEST.

Flavor Version Tinstall Tcheck Ttotal Status Flags
r-devel-linux-x86_64-debian-clang 0.3.1 3.42 40.62 44.04 OK
r-devel-linux-x86_64-debian-gcc 0.3.1 2.65 31.49 34.14 OK
r-devel-linux-x86_64-fedora-clang 0.3.1 61.11 NOTE
r-devel-linux-x86_64-fedora-gcc 0.3.1 62.63 NOTE
r-devel-windows-x86_64 0.3.1 7.00 71.00 78.00 OK
r-devel-windows-x86_64-gcc10-UCRT 0.3.1 ERROR
r-patched-linux-x86_64 0.3.1 3.54 38.21 41.75 OK
r-patched-solaris-x86 0.3.1 82.90 NOTE
r-release-linux-x86_64 0.3.1 3.14 38.25 41.39 OK
r-release-macos-arm64 0.3.1 NOTE
r-release-macos-x86_64 0.3.1 NOTE
r-release-windows-ix86+x86_64 0.3.1 8.00 76.00 84.00 OK
r-oldrel-macos-x86_64 0.3.1 NOTE

Check Details

Version: 0.3.1
Check: dependencies in R code
Result: NOTE
    Namespaces in Imports field not imported from:
     ‘brio’ ‘curl’ ‘diffobj’ ‘gitcreds’ ‘keyring’ ‘nlme’ ‘rgdal’ ‘stringi’
     ‘usethis’ ‘waldo’
     All declared Imports should be used.
Flavors: r-devel-linux-x86_64-fedora-clang, r-devel-linux-x86_64-fedora-gcc, r-patched-solaris-x86, r-release-macos-arm64, r-release-macos-x86_64, r-oldrel-macos-x86_64

Version: 0.3.1
Check: package dependencies
Result: ERROR
    Packages required but not available: 'curl', 'tigris', 'usethis', 'httr'
    
    Package suggested but not available for checking: 'covr'
    
    See section 'The DESCRIPTION file' in the 'Writing R Extensions'
    manual.
Flavor: r-devel-windows-x86_64-gcc10-UCRT