CRAN Package Check Results for Package theiaR

Last updated on 2024-06-15 12:48:37 CEST.

Flavor Version Tinstall Tcheck Ttotal Status Flags
r-devel-linux-x86_64-debian-clang 0.4.0 4.16 41.58 45.74 NOTE
r-devel-linux-x86_64-debian-gcc 0.4.0 4.51 31.42 35.93 NOTE
r-devel-linux-x86_64-fedora-clang 0.4.0 60.46 NOTE
r-devel-linux-x86_64-fedora-gcc 0.4.0 71.11 NOTE
r-devel-windows-x86_64 0.4.0 6.00 52.00 58.00 NOTE
r-patched-linux-x86_64 0.4.0 6.16 40.89 47.05 NOTE
r-release-linux-x86_64 0.4.0 6.18 40.81 46.99 NOTE
r-release-macos-arm64 0.4.0 26.00 NOTE
r-release-macos-x86_64 0.4.0 40.00 NOTE
r-release-windows-x86_64 0.4.0 6.00 54.00 60.00 NOTE
r-oldrel-macos-arm64 0.4.0 30.00 NOTE
r-oldrel-macos-x86_64 0.4.0 44.00 NOTE
r-oldrel-windows-x86_64 0.4.0 7.00 58.00 65.00 NOTE

Check Details

Version: 0.4.0
Check: LazyData
Result: NOTE 'LazyData' is specified without a 'data' directory Flavors: r-devel-linux-x86_64-debian-clang, r-devel-linux-x86_64-debian-gcc, r-devel-linux-x86_64-fedora-clang, r-devel-linux-x86_64-fedora-gcc, r-devel-windows-x86_64, r-patched-linux-x86_64, r-release-linux-x86_64, r-release-macos-arm64, r-release-macos-x86_64, r-release-windows-x86_64, r-oldrel-macos-arm64, r-oldrel-macos-x86_64, r-oldrel-windows-x86_64