CRAN Package Check Results for Package tfarima

Last updated on 2021-12-07 20:52:55 CET.

Flavor Version Tinstall Tcheck Ttotal Status Flags
r-devel-linux-x86_64-debian-clang 0.2.1 189.41 69.50 258.91 OK
r-devel-linux-x86_64-debian-gcc 0.2.1 146.39 53.75 200.14 OK
r-devel-linux-x86_64-fedora-clang 0.2.1 444.22 NOTE
r-devel-linux-x86_64-fedora-gcc 0.2.1 361.21 OK
r-devel-windows-x86_64-new-UL 0.2.1 251.00 150.00 401.00 OK
r-devel-windows-x86_64-new-TK 0.2.1 OK
r-devel-windows-x86_64-old 0.2.1 264.00 73.00 337.00 OK
r-patched-linux-x86_64 0.2.1 172.43 68.76 241.19 OK
r-release-linux-x86_64 0.2.1 169.43 67.54 236.97 OK
r-release-macos-arm64 0.2.1 NOTE
r-release-macos-x86_64 0.2.1 NOTE
r-release-windows-ix86+x86_64 0.2.1 384.00 111.00 495.00 OK
r-oldrel-macos-x86_64 0.2.1 NOTE
r-oldrel-windows-ix86+x86_64 0.2.1 521.00 113.00 634.00 OK

Check Details

Version: 0.2.1
Check: installed package size
Result: NOTE
     installed size is 6.9Mb
     sub-directories of 1Mb or more:
     libs 6.1Mb
Flavors: r-devel-linux-x86_64-fedora-clang, r-release-macos-arm64, r-release-macos-x86_64, r-oldrel-macos-x86_64