CRAN Package Check Results for Package text

Last updated on 2023-02-05 00:55:36 CET.

Flavor Version Tinstall Tcheck Ttotal Status Flags
r-devel-linux-x86_64-debian-clang 0.9.99.2 22.65 198.56 221.21 OK
r-devel-linux-x86_64-debian-gcc 0.9.99.2 19.04 144.88 163.92 OK
r-devel-linux-x86_64-fedora-clang 0.9.99.2 274.24 NOTE
r-devel-linux-x86_64-fedora-gcc 0.9.99.2 283.10 NOTE
r-devel-windows-x86_64 0.9.99.2 73.00 251.00 324.00 OK
r-patched-linux-x86_64 0.9.99.2 21.42 185.78 207.20 OK
r-release-linux-x86_64 0.9.99.2 17.68 182.83 200.51 OK
r-release-macos-arm64 0.9.99.2 84.00 NOTE
r-release-macos-x86_64 0.9.99.2 103.00 NOTE
r-release-windows-x86_64 0.9.99.2 77.00 247.00 324.00 OK
r-oldrel-macos-arm64 0.9.99.2 77.00 NOTE
r-oldrel-macos-x86_64 0.9.99.2 106.00 NOTE
r-oldrel-windows-ix86+x86_64 0.9.99.2 49.00 226.00 275.00 WARN

Check Details

Version: 0.9.99.2
Check: data for non-ASCII characters
Result: NOTE
     Note: found 3 marked UTF-8 strings
Flavors: r-devel-linux-x86_64-fedora-clang, r-devel-linux-x86_64-fedora-gcc, r-release-macos-arm64, r-release-macos-x86_64, r-oldrel-macos-arm64, r-oldrel-macos-x86_64

Version: 0.9.99.2
Check: re-building of vignette outputs
Result: WARN
    Error(s) in re-building vignettes:
    --- re-building 'huggingface_in_r.Rmd' using rmarkdown
    Error: processing vignette 'huggingface_in_r.Rmd' failed with diagnostics:
    object 'preview_math' not found
    --- failed re-building 'huggingface_in_r.Rmd'
    
    --- re-building 'huggingface_in_r_and_computer_capacity.Rmd' using rmarkdown
    Error: processing vignette 'huggingface_in_r_and_computer_capacity.Rmd' failed with diagnostics:
    object 'preview_math' not found
    --- failed re-building 'huggingface_in_r_and_computer_capacity.Rmd'
    
    --- re-building 'huggingface_in_r_extended_installation_guide.Rmd' using rmarkdown
    --- finished re-building 'huggingface_in_r_extended_installation_guide.Rmd'
    
    --- re-building 'pre-registration_and_transformers.Rmd' using rmarkdown
    Error: processing vignette 'pre-registration_and_transformers.Rmd' failed with diagnostics:
    object 'preview_math' not found
    --- failed re-building 'pre-registration_and_transformers.Rmd'
    
    --- re-building 'removing_huggingface_transformers_cache_files.Rmd' using rmarkdown
    Error: processing vignette 'removing_huggingface_transformers_cache_files.Rmd' failed with diagnostics:
    object 'preview_math' not found
    --- failed re-building 'removing_huggingface_transformers_cache_files.Rmd'
    
    --- re-building 'singularity_transformers_container.Rmd' using rmarkdown
    Error: processing vignette 'singularity_transformers_container.Rmd' failed with diagnostics:
    object 'preview_math' not found
    --- failed re-building 'singularity_transformers_container.Rmd'
    
    --- re-building 'text.Rmd' using rmarkdown
    Error: processing vignette 'text.Rmd' failed with diagnostics:
    object 'preview_math' not found
    --- failed re-building 'text.Rmd'
    
    SUMMARY: processing the following files failed:
     'huggingface_in_r.Rmd' 'huggingface_in_r_and_computer_capacity.Rmd'
     'pre-registration_and_transformers.Rmd'
     'removing_huggingface_transformers_cache_files.Rmd'
     'singularity_transformers_container.Rmd' 'text.Rmd'
    
    Error: Vignette re-building failed.
    Execution halted
Flavor: r-oldrel-windows-ix86+x86_64