CRAN Package Check Results for Package text

Last updated on 2021-10-23 14:06:58 CEST.

Flavor Version Tinstall Tcheck Ttotal Status Flags
r-devel-linux-x86_64-debian-clang 0.9.10 17.08 179.16 196.24 OK
r-devel-linux-x86_64-debian-gcc 0.9.10 15.34 133.24 148.58 OK
r-devel-linux-x86_64-fedora-clang 0.9.10 241.79 NOTE
r-devel-linux-x86_64-fedora-gcc 0.9.10 232.95 NOTE
r-devel-windows-x86_64 0.9.10 29.00 235.00 264.00 OK
r-devel-windows-x86_64-gcc10-UCRT 0.9.10 NOTE
r-patched-linux-x86_64 0.9.10 17.61 170.59 188.20 OK
r-patched-solaris-x86 0.9.10 364.90 NOTE
r-release-linux-x86_64 0.9.10 20.06 170.05 190.11 OK
r-release-macos-arm64 0.9.10 NOTE
r-release-macos-x86_64 0.9.10 NOTE
r-release-windows-ix86+x86_64 0.9.10 32.00 224.00 256.00 OK
r-oldrel-macos-x86_64 0.9.10 NOTE
r-oldrel-windows-ix86+x86_64 0.9.10 43.00 221.00 264.00 OK

Check Details

Version: 0.9.10
Check: data for non-ASCII characters
Result: NOTE
     Note: found 3 marked UTF-8 strings
Flavors: r-devel-linux-x86_64-fedora-clang, r-devel-linux-x86_64-fedora-gcc, r-devel-windows-x86_64-gcc10-UCRT, r-patched-solaris-x86, r-release-macos-arm64, r-release-macos-x86_64, r-oldrel-macos-x86_64