CRAN Package Check Results for Package tesseract

Last updated on 2021-08-05 01:49:54 CEST.

Flavor Version Tinstall Tcheck Ttotal Status Flags
r-devel-linux-x86_64-debian-clang 4.1.1 24.14 115.06 139.20 OK
r-devel-linux-x86_64-debian-gcc 4.1.1 15.50 145.70 161.20 OK
r-devel-linux-x86_64-fedora-clang 4.1.1 138.09 OK
r-devel-linux-x86_64-fedora-gcc 4.1.1 146.17 OK
r-devel-windows-x86_64 4.1.1 39.00 116.00 155.00 NOTE
r-devel-windows-x86_64-gcc10-UCRT 4.1.1 OK
r-patched-linux-x86_64 4.1.1 20.06 83.92 103.98 OK
r-release-linux-x86_64 4.1.1 19.78 101.17 120.95 OK
r-release-macos-arm64 4.1.1 NOTE
r-release-macos-x86_64 4.1.1 NOTE
r-release-windows-ix86+x86_64 4.1.1 80.00 145.00 225.00 NOTE
r-oldrel-macos-x86_64 4.1.1 NOTE
r-oldrel-windows-ix86+x86_64 4.1.1 60.00 154.00 214.00 NOTE

Additional issues

valgrind

Check Details

Version: 4.1.1
Check: installed package size
Result: NOTE
     installed size is 22.4Mb
     sub-directories of 1Mb or more:
     doc 1.2Mb
     libs 7.0Mb
     tessdata 14.0Mb
Flavors: r-devel-windows-x86_64, r-release-macos-arm64, r-release-macos-x86_64, r-release-windows-ix86+x86_64, r-oldrel-macos-x86_64, r-oldrel-windows-ix86+x86_64