CRAN Package Check Results for Package terra

Last updated on 2021-08-03 13:53:34 CEST.

Flavor Version Tinstall Tcheck Ttotal Status Flags
r-devel-linux-x86_64-debian-clang 1.3-4 528.80 315.67 844.47 OK
r-devel-linux-x86_64-debian-gcc 1.3-4 434.14 228.13 662.27 OK
r-devel-linux-x86_64-fedora-clang 1.3-4 1141.53 NOTE
r-devel-linux-x86_64-fedora-gcc 1.3-4 1163.26 OK
r-devel-windows-x86_64 1.3-4 497.00 531.00 1028.00 NOTE
r-devel-windows-x86_64-gcc10-UCRT 1.3-4 OK
r-patched-linux-x86_64 1.3-4 487.49 300.41 787.90 OK
r-patched-solaris-x86 1.3-4 1064.40 NOTE
r-release-linux-x86_64 1.3-4 484.18 302.07 786.25 OK
r-release-macos-arm64 1.3-4 NOTE
r-release-macos-x86_64 1.3-4 NOTE
r-release-windows-ix86+x86_64 1.3-4 1189.00 698.00 1887.00 NOTE
r-oldrel-macos-x86_64 1.3-4 NOTE
r-oldrel-windows-ix86+x86_64 1.3-4 900.00 934.00 1834.00 NOTE

Check Details

Version: 1.3-4
Check: installed package size
Result: NOTE
     installed size is 39.6Mb
     sub-directories of 1Mb or more:
     R 2.8Mb
     libs 35.9Mb
Flavors: r-devel-linux-x86_64-fedora-clang, r-devel-windows-x86_64, r-patched-solaris-x86, r-release-macos-arm64, r-release-macos-x86_64, r-release-windows-ix86+x86_64, r-oldrel-macos-x86_64, r-oldrel-windows-ix86+x86_64