CRAN Package Check Results for Package terra

Last updated on 2022-11-28 11:51:30 CET.

Flavor Version Tinstall Tcheck Ttotal Status Flags
r-devel-linux-x86_64-debian-clang 1.6-41 574.14 397.22 971.36 OK
r-devel-linux-x86_64-debian-gcc 1.6-41 529.76 289.06 818.82 OK
r-devel-linux-x86_64-fedora-clang 1.6-41 1430.34 NOTE
r-devel-linux-x86_64-fedora-gcc 1.6-41 1387.99 OK
r-devel-windows-x86_64 1.6-41 735.00 977.00 1712.00 NOTE
r-patched-linux-x86_64 1.6-41 590.26 372.86 963.12 OK
r-release-linux-x86_64 1.6-41 548.08 376.90 924.98 OK
r-release-macos-arm64 1.6-41 377.00 NOTE
r-release-macos-x86_64 1.6-41 423.00 NOTE
r-release-windows-x86_64 1.6-17 454.00 8.00 462.00 ERROR
r-oldrel-macos-arm64 1.6-41 365.00 NOTE
r-oldrel-macos-x86_64 1.6-41 424.00 NOTE
r-oldrel-windows-ix86+x86_64 1.6-41 1365.00 927.00 2292.00 NOTE

Check Details

Version: 1.6-41
Check: installed package size
Result: NOTE
     installed size is 9.0Mb
     sub-directories of 1Mb or more:
     R 2.0Mb
     libs 5.8Mb
Flavors: r-devel-linux-x86_64-fedora-clang, r-devel-windows-x86_64, r-release-macos-arm64, r-release-macos-x86_64, r-oldrel-macos-arm64, r-oldrel-macos-x86_64, r-oldrel-windows-ix86+x86_64

Version: 1.6-17
Check: whether package can be installed
Result: ERROR
    Installation failed.
Flavor: r-release-windows-x86_64