CRAN Package Check Results for Package tensr

Last updated on 2022-11-30 06:53:42 CET.

Flavor Version Tinstall Tcheck Ttotal Status Flags
r-devel-linux-x86_64-debian-clang 1.0.1 4.51 227.40 231.91 NOTE
r-devel-linux-x86_64-debian-gcc 1.0.1 3.08 157.99 161.07 NOTE
r-devel-linux-x86_64-fedora-clang 1.0.1 275.97 NOTE
r-devel-linux-x86_64-fedora-gcc 1.0.1 271.12 NOTE
r-devel-windows-x86_64 1.0.1 9.00 256.00 265.00 NOTE
r-patched-linux-x86_64 1.0.1 5.21 208.22 213.43 NOTE
r-release-linux-x86_64 1.0.1 4.22 208.56 212.78 NOTE
r-release-macos-arm64 1.0.1 82.00 NOTE
r-release-macos-x86_64 1.0.1 159.00 NOTE
r-release-windows-x86_64 1.0.1 24.00 250.00 274.00 NOTE
r-oldrel-macos-arm64 1.0.1 91.00 NOTE
r-oldrel-macos-x86_64 1.0.1 166.00 NOTE
r-oldrel-windows-ix86+x86_64 1.0.1 8.00 262.00 270.00 NOTE

Check Details

Version: 1.0.1
Check: LazyData
Result: NOTE
     'LazyData' is specified without a 'data' directory
Flavors: r-devel-linux-x86_64-debian-clang, r-devel-linux-x86_64-debian-gcc, r-devel-linux-x86_64-fedora-clang, r-devel-linux-x86_64-fedora-gcc, r-devel-windows-x86_64, r-patched-linux-x86_64, r-release-linux-x86_64, r-release-macos-arm64, r-release-macos-x86_64, r-release-windows-x86_64, r-oldrel-macos-arm64, r-oldrel-macos-x86_64, r-oldrel-windows-ix86+x86_64