CRAN Package Check Results for Package telemac

Last updated on 2021-06-24 01:50:39 CEST.

Flavor Version Tinstall Tcheck Ttotal Status Flags
r-devel-linux-x86_64-debian-clang 0.1.0 33.93 86.65 120.58 NOTE
r-devel-linux-x86_64-debian-gcc 0.1.0 21.06 64.05 85.11 NOTE
r-devel-linux-x86_64-fedora-clang 0.1.0 159.52 NOTE
r-devel-linux-x86_64-fedora-gcc 0.1.0 144.24 NOTE
r-devel-windows-x86_64 0.1.0 46.00 117.00 163.00 NOTE
r-devel-windows-x86_64-gcc10-UCRT 0.1.0 ERROR
r-patched-linux-x86_64 0.1.0 28.61 81.42 110.03 NOTE
r-patched-solaris-x86 0.1.0 174.90 NOTE
r-release-linux-x86_64 0.1.0 24.12 81.60 105.72 NOTE
r-release-macos-arm64 0.1.0 NOTE
r-release-macos-x86_64 0.1.0 NOTE
r-release-windows-ix86+x86_64 0.1.0 64.00 128.00 192.00 NOTE
r-oldrel-macos-x86_64 0.1.0 NOTE

Check Details

Version: 0.1.0
Check: LazyData
Result: NOTE
     'LazyData' is specified without a 'data' directory
Flavors: r-devel-linux-x86_64-debian-clang, r-devel-linux-x86_64-debian-gcc, r-devel-linux-x86_64-fedora-clang, r-devel-linux-x86_64-fedora-gcc, r-devel-windows-x86_64, r-devel-windows-x86_64-gcc10-UCRT, r-patched-linux-x86_64, r-patched-solaris-x86, r-release-linux-x86_64, r-release-macos-arm64, r-release-macos-x86_64, r-release-windows-ix86+x86_64

Version: 0.1.0
Check: installed package size
Result: NOTE
     installed size is 6.3Mb
     sub-directories of 1Mb or more:
     doc 3.3Mb
     libs 1.5Mb
     telemac 1.0Mb
Flavors: r-devel-linux-x86_64-fedora-clang, r-devel-windows-x86_64, r-patched-solaris-x86, r-release-macos-arm64, r-release-macos-x86_64, r-release-windows-ix86+x86_64, r-oldrel-macos-x86_64

Version: 0.1.0
Check: Rd cross-references
Result: NOTE
    Undeclared package ‘tibble’ in Rd xrefs
Flavor: r-devel-linux-x86_64-fedora-clang

Version: 0.1.0
Check: package dependencies
Result: NOTE
    Package suggested but not available for checking: 'tidyverse'
Flavor: r-devel-windows-x86_64-gcc10-UCRT

Version: 0.1.0
Check: examples
Result: ERROR
    Running examples in 'telemac-Ex.R' failed
    The error most likely occurred in:
    
    > ### Name: tin
    > ### Title: TIN object
    > ### Aliases: tin tin.character tin.matrix tin.list print.t2d_tin
    >
    > ### ** Examples
    >
    >
    > ### BASIC FUNCTIONALITY ###
    > library(sf)
    Linking to GEOS 3.6.2, GDAL 3.0.4, PROJ 7.0.0
    >
    > # load boundary as sf linestring
    > bnd <- st_read(system.file("dem/boundary_lagos.gpkg", package = "telemac"))
    Reading layer `aoi_line_small' from data source
     `C:\msys64\home\tomas\ucrt3\svn\ucrt3\r_packages\pkgcheck\CRAN\telemac\telemac.Rcheck\telemac\dem\boundary_lagos.gpkg'
     using driver `GPKG'
    Simple feature collection with 1 feature and 1 field
    Geometry type: LINESTRING
    Dimension: XY
    Bounding box: xmin: 530280 ymin: 729900 xmax: 536310 ymax: 744300
    Projected CRS: WGS 84 / UTM zone 31N
    >
    > # create t2d_tin object
    > tin_obj <- tin(list(boundary = bnd), s = 90, a = 100^2, q = 30)
    >
    > # inspection
    > tin_obj
    Object of class t2d_tin: TELEMAC mesh (TIN)
    The mesh is composed of 7991 elements (triangles) and 4257 points.
    > str(tin_obj)
    List of 5
     $ points : num [1:4257, 1:2] 531990 531910 531843 531780 531691 ...
     $ triangles : int [1:7991, 1:3] 526 22 878 23 522 630 22 1270 2085 25 ...
     $ edges : int [1:12247, 1:2] 526 1153 911 22 21 19 878 751 618 23 ...
     $ boundaries: int [1:521] 21 20 19 18 17 16 15 14 13 12 ...
     $ breaklines: NULL
     - attr(*, "class")= chr [1:2] "t2d_tin" "list"
    > plot(tin_obj, pch = ".")
    >
    > ### DEALING WITH INTERSECTING BREAKLINES ###
    > library(sf)
    > library(tidyverse)
    Error in library(tidyverse) : there is no package called 'tidyverse'
    Execution halted
Flavor: r-devel-windows-x86_64-gcc10-UCRT

Version: 0.1.0
Check: re-building of vignette outputs
Result: WARN
    Error(s) in re-building vignettes:
     ...
    --- re-building 't2d_basics.Rmd' using rmarkdown
    Loading required package: sp
    Linking to GEOS 3.6.2, GDAL 3.0.4, PROJ 7.0.0
    Quitting from lines 31-35 (t2d_basics.Rmd)
    Error: processing vignette 't2d_basics.Rmd' failed with diagnostics:
    there is no package called 'tidyverse'
    --- failed re-building 't2d_basics.Rmd'
    
    --- re-building 't2d_rainfall_runoff.Rmd' using rmarkdown
    Quitting from lines 30-35 (t2d_rainfall_runoff.Rmd)
    Error: processing vignette 't2d_rainfall_runoff.Rmd' failed with diagnostics:
    there is no package called 'tidyverse'
    --- failed re-building 't2d_rainfall_runoff.Rmd'
    
    SUMMARY: processing the following files failed:
     't2d_basics.Rmd' 't2d_rainfall_runoff.Rmd'
    
    Error: Vignette re-building failed.
    Execution halted
Flavor: r-devel-windows-x86_64-gcc10-UCRT

Version: 0.1.0
Check: package dependencies
Result: NOTE
    Package suggested but not available for checking: ‘stars’
Flavor: r-release-macos-arm64