CRAN Package Check Results for Package telemac

Last updated on 2022-09-29 12:55:41 CEST.

Flavor Version Tinstall Tcheck Ttotal Status Flags
r-devel-linux-x86_64-debian-clang 0.1.1 41.15 125.18 166.33 OK
r-devel-linux-x86_64-debian-gcc 0.1.1 37.31 91.64 128.95 OK
r-devel-linux-x86_64-fedora-clang 0.1.1 238.68 NOTE
r-devel-linux-x86_64-fedora-gcc 0.1.1 221.52 OK
r-devel-windows-x86_64 0.1.1 68.00 176.00 244.00 NOTE
r-patched-linux-x86_64 0.1.1 36.75 116.31 153.06 OK
r-release-linux-x86_64 0.1.1 32.79 114.16 146.95 OK
r-release-macos-arm64 0.1.1 57.00 NOTE
r-release-macos-x86_64 0.1.1 95.00 NOTE
r-release-windows-x86_64 0.1.1 74.00 173.00 247.00 NOTE
r-oldrel-macos-arm64 0.1.1 53.00 NOTE
r-oldrel-macos-x86_64 0.1.1 78.00 NOTE
r-oldrel-windows-ix86+x86_64 0.1.1 112.00 223.00 335.00 NOTE

Additional issues

noSuggests

Check Details

Version: 0.1.1
Check: installed package size
Result: NOTE
     installed size is 5.5Mb
     sub-directories of 1Mb or more:
     doc 3.7Mb
     telemac 1.0Mb
Flavors: r-devel-linux-x86_64-fedora-clang, r-devel-windows-x86_64, r-release-macos-arm64, r-release-macos-x86_64, r-release-windows-x86_64, r-oldrel-macos-arm64, r-oldrel-macos-x86_64, r-oldrel-windows-ix86+x86_64

Version: 0.1.1
Check: Rd cross-references
Result: NOTE
    Undeclared package ‘tibble’ in Rd xrefs
Flavor: r-devel-linux-x86_64-fedora-clang