CRAN Package Check Results for Package taxlist

Last updated on 2022-01-26 07:53:02 CET.

Flavor Version Tinstall Tcheck Ttotal Status Flags
r-devel-linux-x86_64-debian-clang 0.2.2 9.09 98.09 107.18 OK
r-devel-linux-x86_64-debian-gcc 0.2.2 8.03 73.07 81.10 OK
r-devel-linux-x86_64-fedora-clang 0.2.2 135.20 NOTE
r-devel-linux-x86_64-fedora-gcc 0.2.2 114.73 NOTE
r-devel-windows-x86_64-new-UL 0.2.2 99.00 130.00 229.00 OK
r-devel-windows-x86_64-new-TK 0.2.2 NOTE
r-patched-linux-x86_64 0.2.2 15.22 90.29 105.51 OK
r-release-linux-x86_64 0.2.2 7.70 87.71 95.41 OK
r-release-macos-arm64 0.2.2 NOTE
r-release-macos-x86_64 0.2.2 NOTE
r-release-windows-ix86+x86_64 0.2.2 22.00 113.00 135.00 OK
r-oldrel-macos-x86_64 0.2.2 NOTE
r-oldrel-windows-ix86+x86_64 0.2.2 22.00 114.00 136.00 OK

Check Details

Version: 0.2.2
Check: dependencies in R code
Result: NOTE
    Namespace in Imports field not imported from: ‘taxa’
     All declared Imports should be used.
Flavors: r-devel-linux-x86_64-fedora-clang, r-devel-linux-x86_64-fedora-gcc, r-devel-windows-x86_64-new-TK, r-release-macos-arm64, r-release-macos-x86_64, r-oldrel-macos-x86_64

Version: 0.2.2
Check: data for non-ASCII characters
Result: NOTE
     Note: found 137 marked UTF-8 strings
Flavors: r-devel-linux-x86_64-fedora-clang, r-devel-linux-x86_64-fedora-gcc, r-devel-windows-x86_64-new-TK, r-release-macos-arm64, r-release-macos-x86_64, r-oldrel-macos-x86_64