CRAN Package Check Results for Package taxalight

Last updated on 2021-08-02 19:51:09 CEST.

Flavor Version Tinstall Tcheck Ttotal Status Flags
r-devel-linux-x86_64-debian-clang 0.1.3 2.77 31.72 34.49 NOTE
r-devel-linux-x86_64-debian-gcc 0.1.3 2.17 24.22 26.39 NOTE
r-devel-linux-x86_64-fedora-clang 0.1.3 48.45 NOTE
r-devel-linux-x86_64-fedora-gcc 0.1.3 37.88 NOTE
r-devel-windows-x86_64 0.1.3 4.00 49.00 53.00 NOTE
r-devel-windows-x86_64-gcc10-UCRT 0.1.3 NOTE
r-patched-linux-x86_64 0.1.3 NOTE
r-patched-solaris-x86 0.1.3 58.90 NOTE
r-release-linux-x86_64 0.1.3 2.89 30.02 32.91 NOTE
r-release-macos-arm64 0.1.3 NOTE
r-release-macos-x86_64 0.1.3 NOTE
r-release-windows-ix86+x86_64 0.1.3 6.00 47.00 53.00 NOTE
r-oldrel-macos-x86_64 0.1.3 OK
r-oldrel-windows-ix86+x86_64 0.1.3 5.00 47.00 52.00 OK

Additional issues

M1mac

Check Details

Version: 0.1.3
Check: LazyData
Result: NOTE
     'LazyData' is specified without a 'data' directory
Flavors: r-devel-linux-x86_64-debian-clang, r-devel-linux-x86_64-debian-gcc, r-devel-linux-x86_64-fedora-clang, r-devel-linux-x86_64-fedora-gcc, r-devel-windows-x86_64, r-devel-windows-x86_64-gcc10-UCRT, r-patched-linux-x86_64, r-patched-solaris-x86, r-release-linux-x86_64, r-release-macos-arm64, r-release-macos-x86_64, r-release-windows-ix86+x86_64