Last updated on 2022-06-25 12:54:36 CEST.
Flavor | Version | Tinstall | Tcheck | Ttotal | Status | Flags |
---|---|---|---|---|---|---|
r-devel-linux-x86_64-debian-clang | 1.1.1 | 5.51 | 79.07 | 84.58 | NOTE | |
r-devel-linux-x86_64-debian-gcc | 1.1.1 | 4.44 | 58.95 | 63.39 | NOTE | |
r-devel-linux-x86_64-fedora-clang | 1.1.1 | 109.54 | NOTE | |||
r-devel-linux-x86_64-fedora-gcc | 1.1.1 | 107.25 | NOTE | |||
r-devel-windows-x86_64 | 1.1.1 | 35.00 | 113.00 | 148.00 | NOTE | |
r-patched-linux-x86_64 | 1.1.1 | 8.00 | 75.36 | 83.36 | NOTE | |
r-release-linux-x86_64 | 1.1.1 | 4.59 | 76.17 | 80.76 | NOTE | |
r-release-macos-arm64 | 1.1.1 | 32.00 | NOTE | |||
r-release-macos-x86_64 | 1.1.1 | 43.00 | NOTE | |||
r-release-windows-x86_64 | 1.1.1 | 38.00 | 109.00 | 147.00 | NOTE | |
r-oldrel-macos-arm64 | 1.1.1 | 37.00 | NOTE | |||
r-oldrel-macos-x86_64 | 1.1.1 | 68.00 | NOTE | |||
r-oldrel-windows-ix86+x86_64 | 1.1.1 | 11.00 | 103.00 | 114.00 | NOTE |
Version: 1.1.1
Check: LazyData
Result: NOTE
'LazyData' is specified without a 'data' directory
Flavors: r-devel-linux-x86_64-debian-clang, r-devel-linux-x86_64-debian-gcc, r-devel-linux-x86_64-fedora-clang, r-devel-linux-x86_64-fedora-gcc, r-devel-windows-x86_64, r-patched-linux-x86_64, r-release-linux-x86_64, r-release-macos-arm64, r-release-macos-x86_64, r-release-windows-x86_64, r-oldrel-macos-arm64, r-oldrel-macos-x86_64, r-oldrel-windows-ix86+x86_64