CRAN Package Check Results for Package taskscheduleR

Last updated on 2024-06-15 00:54:19 CEST.

Flavor Version Tinstall Tcheck Ttotal Status Flags
r-devel-windows-x86_64 1.8 3.00 54.00 57.00 OK
r-release-windows-x86_64 1.8 3.00 56.00 59.00 OK
r-oldrel-macos-x86_64 1.7 5.00 ERROR
r-oldrel-windows-x86_64 1.8 5.00 54.00 59.00 OK

Check Details

Version: 1.7
Check: PDF version of manual
Result: WARN LaTeX errors when creating PDF version. This typically indicates Rd problems. Flavor: r-oldrel-macos-x86_64

Version: 1.7
Check: PDF version of manual without index
Result: ERROR Re-running with no redirection of stdout/stderr. Flavor: r-oldrel-macos-x86_64