CRAN Package Check Results for Package tashu

Last updated on 2022-09-27 19:12:12 CEST.

Flavor Version Tinstall Tcheck Ttotal Status Flags
r-devel-linux-x86_64-debian-clang 0.1.1 8.01 71.79 79.80 NOTE
r-devel-linux-x86_64-debian-gcc 0.1.1 5.89 52.30 58.19 NOTE
r-devel-linux-x86_64-fedora-clang 0.1.1 111.56 NOTE
r-devel-linux-x86_64-fedora-gcc 0.1.1 103.03 NOTE
r-devel-windows-x86_64 0.1.1 15.00 95.00 110.00 NOTE
r-patched-linux-x86_64 0.1.1 6.91 66.11 73.02 NOTE
r-release-linux-x86_64 0.1.1 7.93 66.11 74.04 NOTE
r-release-macos-arm64 0.1.1 31.00 NOTE
r-release-macos-x86_64 0.1.1 54.00 NOTE
r-release-windows-x86_64 0.1.1 13.00 100.00 113.00 NOTE
r-oldrel-macos-arm64 0.1.1 34.00 NOTE
r-oldrel-macos-x86_64 0.1.1 59.00 NOTE
r-oldrel-windows-ix86+x86_64 0.1.1 19.00 91.00 110.00 NOTE

Check Details

Version: 0.1.1
Check: package dependencies
Result: NOTE
    Package suggested but not available for checking: 'tashudata'
Flavors: r-devel-linux-x86_64-debian-clang, r-devel-linux-x86_64-debian-gcc, r-devel-linux-x86_64-fedora-clang, r-devel-linux-x86_64-fedora-gcc, r-devel-windows-x86_64, r-patched-linux-x86_64, r-release-linux-x86_64, r-release-macos-arm64, r-release-macos-x86_64, r-release-windows-x86_64, r-oldrel-macos-arm64, r-oldrel-macos-x86_64, r-oldrel-windows-ix86+x86_64

Version: 0.1.1
Check: LazyData
Result: NOTE
     'LazyData' is specified without a 'data' directory
Flavors: r-devel-linux-x86_64-debian-clang, r-devel-linux-x86_64-debian-gcc, r-devel-linux-x86_64-fedora-clang, r-devel-linux-x86_64-fedora-gcc, r-devel-windows-x86_64, r-patched-linux-x86_64, r-release-linux-x86_64, r-release-macos-arm64, r-release-macos-x86_64, r-release-windows-x86_64, r-oldrel-macos-arm64, r-oldrel-macos-x86_64, r-oldrel-windows-ix86+x86_64

Version: 0.1.1
Check: dependencies in R code
Result: NOTE
    Namespaces in Imports field not imported from:
     ‘drat’ ‘plyr’
     All declared Imports should be used.
Flavors: r-devel-linux-x86_64-fedora-clang, r-devel-linux-x86_64-fedora-gcc, r-release-macos-arm64, r-release-macos-x86_64, r-oldrel-macos-arm64, r-oldrel-macos-x86_64