CRAN Package Check Results for Package takos

Last updated on 2024-05-25 06:57:12 CEST.

Flavor Version Tinstall Tcheck Ttotal Status Flags
r-devel-linux-x86_64-debian-clang 0.2.0 7.60 69.03 76.63 NOTE
r-devel-linux-x86_64-debian-gcc 0.2.0 6.65 50.81 57.46 NOTE
r-devel-linux-x86_64-fedora-clang 0.2.0 96.45 NOTE
r-devel-linux-x86_64-fedora-gcc 0.2.0 88.96 NOTE
r-devel-windows-x86_64 0.2.0 8.00 76.00 84.00 NOTE
r-patched-linux-x86_64 0.2.0 6.16 65.89 72.05 NOTE
r-release-linux-x86_64 0.2.0 5.13 66.06 71.19 NOTE
r-release-macos-arm64 0.2.0 30.00 NOTE
r-release-windows-x86_64 0.2.0 8.00 77.00 85.00 NOTE
r-oldrel-macos-arm64 0.2.0 33.00 NOTE
r-oldrel-macos-x86_64 0.2.0 47.00 NOTE
r-oldrel-windows-x86_64 0.2.0 11.00 87.00 98.00 NOTE

Check Details

Version: 0.2.0
Check: LazyData
Result: NOTE 'LazyData' is specified without a 'data' directory Flavors: r-devel-linux-x86_64-debian-clang, r-devel-linux-x86_64-debian-gcc, r-devel-linux-x86_64-fedora-clang, r-devel-linux-x86_64-fedora-gcc, r-devel-windows-x86_64, r-patched-linux-x86_64, r-release-linux-x86_64, r-release-macos-arm64, r-release-windows-x86_64, r-oldrel-macos-arm64, r-oldrel-macos-x86_64, r-oldrel-windows-x86_64

Version: 0.2.0
Check: dependencies in R code
Result: NOTE Namespaces in Imports field not imported from: ‘MASS’ ‘devEMF’ ‘segmented’ ‘smoother’ ‘tools’ All declared Imports should be used. Flavors: r-devel-linux-x86_64-fedora-clang, r-devel-linux-x86_64-fedora-gcc