CRAN Package Check Results for Package tRophicPosition

Last updated on 2021-09-25 01:50:36 CEST.

Flavor Version Tinstall Tcheck Ttotal Status Flags
r-devel-linux-x86_64-debian-clang 0.7.7 7.20 83.92 91.12 OK
r-devel-linux-x86_64-debian-gcc 0.7.7 6.47 63.96 70.43 OK
r-devel-linux-x86_64-fedora-clang 0.7.7 116.65 NOTE
r-devel-linux-x86_64-fedora-gcc 0.7.7 110.74 OK
r-devel-windows-x86_64 0.7.7 8.00 91.00 99.00 OK
r-devel-windows-x86_64-gcc10-UCRT 0.7.7 OK
r-patched-linux-x86_64 0.7.7 7.68 84.92 92.60 OK
r-patched-solaris-x86 0.7.7 109.80 OK
r-release-linux-x86_64 0.7.7 7.74 86.17 93.91 OK
r-release-macos-arm64 0.7.7 NOTE
r-release-macos-x86_64 0.7.7 OK
r-release-windows-ix86+x86_64 0.7.7 13.00 92.00 105.00 OK
r-oldrel-macos-x86_64 0.7.7 OK
r-oldrel-windows-ix86+x86_64 0.7.7 11.00 87.00 98.00 OK

Check Details

Version: 0.7.7
Check: Rd cross-references
Result: NOTE
    Undeclared package ‘SIBER’ in Rd xrefs
Flavor: r-devel-linux-x86_64-fedora-clang

Version: 0.7.7
Check: Rd cross-references
Result: NOTE
    Package unavailable to check Rd xrefs: ‘SIBER’
Flavor: r-release-macos-arm64