CRAN Package Check Results for Package sysid

Last updated on 2022-10-02 12:56:07 CEST.

Flavor Version Tinstall Tcheck Ttotal Status Flags
r-devel-linux-x86_64-debian-clang 1.0.4 9.42 85.04 94.46 NOTE
r-devel-linux-x86_64-debian-gcc 1.0.4 7.32 63.22 70.54 NOTE
r-devel-linux-x86_64-fedora-clang 1.0.4 130.69 NOTE
r-devel-linux-x86_64-fedora-gcc 1.0.4 119.83 NOTE
r-devel-windows-x86_64 1.0.4 21.00 123.00 144.00 OK
r-patched-linux-x86_64 1.0.4 10.08 78.22 88.30 NOTE
r-release-linux-x86_64 1.0.4 8.12 79.49 87.61 NOTE
r-release-macos-arm64 1.0.4 36.00 OK
r-release-macos-x86_64 1.0.4 66.00 OK
r-release-windows-x86_64 1.0.4 25.00 112.00 137.00 OK
r-oldrel-macos-arm64 1.0.4 43.00 OK
r-oldrel-macos-x86_64 1.0.4 69.00 OK
r-oldrel-windows-ix86+x86_64 1.0.4 20.00 108.00 128.00 OK

Check Details

Version: 1.0.4
Check: for non-standard things in the check directory
Result: NOTE
    Found the following files/directories:
     'test.csv'
Flavors: r-devel-linux-x86_64-debian-clang, r-devel-linux-x86_64-debian-gcc, r-devel-linux-x86_64-fedora-clang, r-devel-linux-x86_64-fedora-gcc, r-patched-linux-x86_64, r-release-linux-x86_64