CRAN Package Check Results for Package symphony

Last updated on 2024-02-28 00:56:35 CET.

Flavor Version Tinstall Tcheck Ttotal Status Flags
r-devel-linux-x86_64-debian-clang 0.1.1 66.06 124.14 190.20 NOTE
r-devel-linux-x86_64-debian-gcc 0.1.1 51.31 93.75 145.06 NOTE
r-devel-linux-x86_64-fedora-clang 0.1.1 249.62 NOTE
r-devel-linux-x86_64-fedora-gcc 0.1.1 266.00 NOTE
r-devel-windows-x86_64 0.1.1 48.00 130.00 178.00 NOTE
r-patched-linux-x86_64 0.1.1 44.43 119.31 163.74 NOTE
r-release-linux-x86_64 0.1.1 45.26 122.10 167.36 NOTE
r-release-macos-arm64 0.1.1 77.00 NOTE
r-release-macos-x86_64 0.1.1 129.00 NOTE
r-release-windows-x86_64 0.1.1 61.00 154.00 215.00 NOTE
r-oldrel-macos-arm64 0.1.1 66.00 OK
r-oldrel-windows-x86_64 0.1.1 62.00 152.00 214.00 OK

Check Details

Version: 0.1.1
Check: C++ specification
Result: NOTE Specified C++11: please drop specification unless essential Flavors: r-devel-linux-x86_64-debian-clang, r-devel-linux-x86_64-debian-gcc, r-devel-linux-x86_64-fedora-clang, r-devel-linux-x86_64-fedora-gcc, r-devel-windows-x86_64, r-patched-linux-x86_64, r-release-linux-x86_64, r-release-macos-arm64, r-release-macos-x86_64, r-release-windows-x86_64