CRAN Package Check Results for Package sybilcycleFreeFlux

Last updated on 2021-09-26 19:49:15 CEST.

Flavor Version Tinstall Tcheck Ttotal Status Flags
r-devel-linux-x86_64-debian-clang 2.0.2 10.43 88.15 98.58 OK
r-devel-linux-x86_64-debian-gcc 2.0.2 7.57 66.75 74.32 OK
r-devel-linux-x86_64-fedora-clang 2.0.2 126.82 NOTE
r-devel-linux-x86_64-fedora-gcc 2.0.2 113.20 NOTE
r-devel-windows-x86_64 2.0.2 11.00 81.00 92.00 NOTE
r-devel-windows-x86_64-gcc10-UCRT 2.0.2 NOTE
r-patched-linux-x86_64 2.0.2 13.50 84.34 97.84 OK
r-patched-solaris-x86 2.0.2 175.10 NOTE
r-release-linux-x86_64 2.0.2 8.46 86.93 95.39 OK
r-release-macos-arm64 2.0.2 NOTE
r-release-macos-x86_64 2.0.2 NOTE
r-release-windows-ix86+x86_64 2.0.2 21.00 82.00 103.00 NOTE
r-oldrel-macos-x86_64 2.0.2 NOTE
r-oldrel-windows-ix86+x86_64 2.0.2 16.00 85.00 101.00 NOTE

Check Details

Version: 2.0.2
Check: package dependencies
Result: NOTE
    Package suggested but not available for checking: ‘cplexAPI’
Flavors: r-devel-linux-x86_64-fedora-clang, r-devel-linux-x86_64-fedora-gcc, r-devel-windows-x86_64, r-devel-windows-x86_64-gcc10-UCRT, r-patched-solaris-x86, r-release-macos-arm64, r-release-macos-x86_64, r-release-windows-ix86+x86_64, r-oldrel-macos-x86_64, r-oldrel-windows-ix86+x86_64