CRAN Package Check Results for Package sybilcycleFreeFlux

Last updated on 2022-10-05 00:52:55 CEST.

Flavor Version Tinstall Tcheck Ttotal Status Flags
r-devel-linux-x86_64-debian-clang 2.0.2 9.12 97.60 106.72 NOTE
r-devel-linux-x86_64-debian-gcc 2.0.2 7.79 74.36 82.15 NOTE
r-devel-linux-x86_64-fedora-clang 2.0.2 145.75 NOTE
r-devel-linux-x86_64-fedora-gcc 2.0.2 138.07 NOTE
r-devel-windows-x86_64 2.0.2 40.00 121.00 161.00 NOTE
r-patched-linux-x86_64 2.0.2 13.13 92.53 105.66 NOTE
r-release-linux-x86_64 2.0.2 8.90 92.70 101.60 NOTE
r-release-macos-arm64 2.0.2 41.00 NOTE
r-release-macos-x86_64 2.0.2 55.00 NOTE
r-release-windows-x86_64 2.0.2 48.00 116.00 164.00 NOTE
r-oldrel-macos-arm64 2.0.2 43.00 NOTE
r-oldrel-macos-x86_64 2.0.2 76.00 NOTE
r-oldrel-windows-ix86+x86_64 2.0.2 21.00 111.00 132.00 NOTE

Check Details

Version: 2.0.2
Check: package dependencies
Result: NOTE
    Package suggested but not available for checking: 'cplexAPI'
Flavors: r-devel-linux-x86_64-debian-clang, r-devel-linux-x86_64-debian-gcc, r-devel-linux-x86_64-fedora-clang, r-devel-linux-x86_64-fedora-gcc, r-devel-windows-x86_64, r-patched-linux-x86_64, r-release-linux-x86_64, r-release-macos-arm64, r-release-macos-x86_64, r-release-windows-x86_64, r-oldrel-macos-arm64, r-oldrel-macos-x86_64, r-oldrel-windows-ix86+x86_64